--
-- Host: localhost    Database: db_movie_newtest
-- ------------------------------------------------------


--
-- Table structure for table `about`
--

CREATE TABLE `about` (
  `id` int(10) unsigned NOT NULL AUTO_INCREMENT,
  `name` varchar(191) COLLATE utf8mb4_unicode_ci NOT NULL,
  `value` text COLLATE utf8mb4_unicode_ci,
  PRIMARY KEY (`id`),
  UNIQUE KEY `about_name_unique` (`name`)
) ENGINE=InnoDB AUTO_INCREMENT=19 DEFAULT CHARSET=utf8mb4 COLLATE=utf8mb4_unicode_ci;

--
-- Dumping data for table `about`
--

INSERT INTO `about` VALUES (1,'seo_title','О нас'),(2,'seo_description',NULL),(3,'seo_keywords',NULL),(5,'seo',NULL),(6,'title','КТО МЫ'),(7,'sub_title','MOVIE - АГЕНТСТВО ЭКОЛОГИЧНЫХ КОММУНИКАЦИЙ'),(8,'text','Мы приносим пользу брендам, клиентам и потребителям. «Мы усиливаем бизнесы и помогаем нашим клиентам быть визионерами», - Екатерина Селявина, президент MOVIE'),(9,'blockquote','Наш принцип: сотворчество с клиентом, основанное на взаимном доверии.'),(10,'image','images/JM2n7J2QGRyoVIYuhsakVxNd43mAjHnZjSGQ4OPp.jpeg'),(11,'numbers_main','<big>2,5</big> млрд. руб.'),(12,'numbers_main_caption','БИЛЛИНГ КОМПАНИИ В 2020 Г. (SOSTAV/АКАР)'),(13,'numbers_n1','28'),(14,'numbers_n1_caption','ЛЕТ РАБОТЫ В РЕКЛАМЕ'),(15,'numbers_n2','80+'),(16,'numbers_n2_caption','Профессионалов'),(17,'numbers_n3','100+'),(18,'numbers_n3_caption','наград на фестивалях рекламы');

--
-- Table structure for table `articles`
--

CREATE TABLE `articles` (
  `id` int(10) unsigned NOT NULL AUTO_INCREMENT,
  `title` varchar(191) COLLATE utf8mb4_unicode_ci NOT NULL,
  `slug` varchar(191) COLLATE utf8mb4_unicode_ci NOT NULL,
  `image` varchar(191) COLLATE utf8mb4_unicode_ci DEFAULT NULL,
  `main_image` varchar(191) COLLATE utf8mb4_unicode_ci DEFAULT NULL,
  `sticker` varchar(191) COLLATE utf8mb4_unicode_ci DEFAULT NULL,
  `link` varchar(191) COLLATE utf8mb4_unicode_ci DEFAULT NULL,
  `date` date DEFAULT NULL,
  `anons` mediumtext COLLATE utf8mb4_unicode_ci,
  `content` text COLLATE utf8mb4_unicode_ci,
  `short` tinyint(3) unsigned NOT NULL DEFAULT '0',
  `pos` tinyint(3) unsigned NOT NULL DEFAULT '0',
  `luminance` tinyint(3) unsigned NOT NULL DEFAULT '0',
  `act` tinyint(3) unsigned NOT NULL DEFAULT '1',
  `created_at` timestamp NULL DEFAULT NULL,
  `updated_at` timestamp NULL DEFAULT NULL,
  PRIMARY KEY (`id`),
  UNIQUE KEY `articles_slug_unique` (`slug`)
) ENGINE=InnoDB AUTO_INCREMENT=12 DEFAULT CHARSET=utf8mb4 COLLATE=utf8mb4_unicode_ci;

--
-- Dumping data for table `articles`
--

INSERT INTO `articles` VALUES (3,'MOVING FUTURE','gcmovie25','images/HIGudfNwwC8IdDWAQgMR75XTutx14Z1Clpa7o4jb.jpeg',NULL,'grib',NULL,'2018-12-15','<p font-size:=\"\" san=\"\" style=\"color: rgb(0, 0, 0);\"><span style=\"color:#40E0D0;\"><strong>#MOVIEMAGICPEOPLE</strong></span></p>\r\n\r\n<p>MOVIE &mdash;&nbsp;команда дерзких, но в то же время деликатных, креативных и&nbsp;полезных людей.</p>',NULL,0,8,0,1,'2019-09-17 07:42:30','2019-10-10 05:18:54'),(4,'АУКЦИОН ДОБРА','cgmoviedetyam','images/FMUqGa72I5z93EIHvrshYpeyw6fAfS8r1wkJidhW.jpeg',NULL,'cup',NULL,'2018-12-23','<p><strong><span style=\"color:#40E0D0;\">#MOVIESOCIAL</span></strong></p>\r\n\r\n<p>Участие в <a href=\"https://www.givingtuesday.ru/\">#щедрыйвторник</a> - добрая традиция для команды MOVIE</p>',NULL,0,6,0,1,'2019-09-17 08:09:06','2019-10-10 05:22:54'),(5,'КОМИССИЯ ПО ЭТИКЕ В АКАР','ekaterina-selyavina-sopredsedatel-komissii-po-etike-v-akar','images/8TWbbs6E4BIuJtRCSOsRtV74WPHOxDvSSB2E9wDw.jpeg',NULL,'women',NULL,'2019-04-18','<p><span style=\"color:#40E0D0;\"><strong>#MOVIEMAGICPEOPLE</strong></span></p>\r\n\r\n<p>Цель - гармонизация отношений&nbsp;игроков рекламного рынка</p>',NULL,0,4,0,1,'2019-09-17 08:42:56','2019-10-10 05:17:35'),(6,'ПОБЕДА НА ФЕСТИВАЛЕ LIME','cgmovielime','images/vw91Fj78lja8SQC0dCH7UADd6COpkIhuQqjrb9qz.jpeg',NULL,NULL,NULL,'2019-04-29','<p><span style=\"color:#40E0D0;\"><strong>#MOVIEWINS</strong></span></p>\r\n\r\n<p>1 МЕСТО в категории Print classic на международном фестивале социальной рекламы LIME</p>',NULL,0,3,0,0,'2019-09-17 09:28:46','2019-10-10 05:17:24'),(7,'ХОЧУ! ХОЧУ! ХОЧУ!','cgmoviekari','images/fKvyIuiSMRXl4cqlLrxYkRXmH9HVJVEgs3mFdGGc.jpeg',NULL,NULL,'www.sostav.ru/publication/zdorovyj-zhenskij-gedonizm-anybodyhome-obnovilo-kommunikatsionnuyu-platformu-brenda-kari-37300.html','2019-05-27','<p><span style=\"color:#00cccc;\"><strong>#MOVIEMAKING</strong></span></p>\r\n\r\n<p>Мы за здоровый женский гедонизм!&nbsp;Сеть обувных магазинов Kari и креативное агентство Anybodyhome предлагают больше не выбирать между тем &quot;что надо&quot; и &quot;что хочется&quot;!</p>\r\n\r\n<p>&nbsp;</p>\r\n\r\n<p>&nbsp;</p>',NULL,0,5,0,0,'2019-09-17 10:19:58','2019-10-09 05:30:00'),(9,'ПРОЕКТ 23/19','proekt-2319','images/W7OaFwBJdooVtqQNNAuQ1ZARsZkQZywRlALN3YoV.jpeg',NULL,NULL,NULL,'2019-05-28','<p><span style=\"color:#4B0082;\"><strong>&nbsp;#MOVIESOCIAL</strong></span></p>\r\n\r\n<p>&nbsp;</p>\r\n\r\n<p>Команда MOVIE и волонтеров провели образовательно-развлекательный квест &laquo;ПРОЕКТ 23/19&raquo; в Заокской школе-интернате</p>',NULL,0,7,0,0,'2019-09-17 10:52:45','2019-10-09 05:31:48'),(10,'КАРТА РЫНКА ФАРМ КОММУНИКАЦИЙ','pervaya-karta-rynka-farm-kommunikatsiy','images/skbQF7jUaneaac2Lxod6p19iI7LPso7EbW3vhZJY.jpeg',NULL,'cup',NULL,'2019-09-05','<p><span style=\"color:#40E0D0;\"><strong>#MOVIEINDUSTRY</strong></span></p>\r\n\r\n<p>АКАР представила индустрии первую карту фарм коммуникаций.</p>',NULL,1,1,0,1,'2019-09-17 11:20:04','2023-08-22 07:00:58'),(11,'ПОБЕДА НА КОНКУРСЕ \"РЕКЛАМА БУДУЩЕГО\"','pobeda-na-konkurse-reklama-budushchego','images/A5LTIMpRovt3HAqVipei1UWHo2tfgSCOAuMAc4Fa.jpeg',NULL,'cup',NULL,'2019-09-11','<p><span style=\"color:#40E0D0;\"><strong>#MOVIEWINS</strong></span></p>\r\n\r\n<p>Золото и серебро на всероссийском конкурсе социальной рекламы &laquo;Реклама будущего&raquo;</p>',NULL,0,2,0,1,'2019-09-17 12:34:20','2019-10-10 05:17:10');

--
-- Table structure for table `block_images`
--

CREATE TABLE `block_images` (
  `id` int(10) unsigned NOT NULL AUTO_INCREMENT,
  `image` varchar(255) COLLATE utf8mb4_unicode_ci NOT NULL,
  `pos` int(10) unsigned NOT NULL DEFAULT '0',
  `block_id` int(10) unsigned NOT NULL,
  PRIMARY KEY (`id`),
  KEY `block_images_block_id_foreign` (`block_id`),
  CONSTRAINT `block_images_block_id_foreign` FOREIGN KEY (`block_id`) REFERENCES `blocks` (`id`) ON DELETE CASCADE
) ENGINE=InnoDB AUTO_INCREMENT=31 DEFAULT CHARSET=utf8mb4 COLLATE=utf8mb4_unicode_ci;

--
-- Dumping data for table `block_images`
--

INSERT INTO `block_images` VALUES (1,'images/QLfB31RKIm9dgKCgOujXG5k1FheFjfsKSQODYmMm.jpeg',0,3),(2,'images/y4sSypFhuDRcQNrOHwaWIZ5R0dYZpQwQvykm7teO.jpeg',1,3),(7,'images/r3QidxThxw11EvDgFetCwIZA0vWE3avqZZmnKhNf.jpeg',3,24),(9,'images/15CkFftnjF4qOTUCZfynzwErZdDM3rVeWvKgj8v4.jpeg',5,24),(10,'images/oy36L3jkK4Dm9yGSuRLqxjJCvyciYo1Mf8NlmkJJ.jpeg',6,24),(13,'images/OF4MCjZYVA3VIQBywIBqLuY8H57zwFgf1G9Rnrrz.jpeg',9,24),(15,'images/NPHL8AulO84lzAb4nMLIojipKJZrBN7ionWbice0.jpeg',11,24),(19,'images/srYTSWt1EokNRys38HpogtKiasB1AUQBy1w7sHTQ.jpeg',15,45),(30,'images/nN7AOXBXqQ2gFmOyR00w52aUYHU6iFLEl6jfw0uF.png',17,123);

--
-- Table structure for table `blocks`
--

CREATE TABLE `blocks` (
  `id` int(10) unsigned NOT NULL AUTO_INCREMENT,
  `entity_class` varchar(191) COLLATE utf8mb4_unicode_ci NOT NULL,
  `entity_id` int(10) unsigned NOT NULL,
  `title` varchar(191) COLLATE utf8mb4_unicode_ci NOT NULL,
  `type` tinyint(3) unsigned NOT NULL DEFAULT '0',
  `image` varchar(191) COLLATE utf8mb4_unicode_ci DEFAULT NULL,
  `video` varchar(191) COLLATE utf8mb4_unicode_ci DEFAULT NULL,
  `content1` text COLLATE utf8mb4_unicode_ci,
  `content2` text COLLATE utf8mb4_unicode_ci,
  `pos` tinyint(3) unsigned NOT NULL DEFAULT '0',
  `act` tinyint(3) unsigned NOT NULL DEFAULT '1',
  `created_at` timestamp NULL DEFAULT NULL,
  `updated_at` timestamp NULL DEFAULT NULL,
  PRIMARY KEY (`id`)
) ENGINE=InnoDB AUTO_INCREMENT=130 DEFAULT CHARSET=utf8mb4 COLLATE=utf8mb4_unicode_ci;

--
-- Dumping data for table `blocks`
--

INSERT INTO `blocks` VALUES (1,'Modules\\Main\\Entities\\CCase',3,'5',0,NULL,NULL,NULL,NULL,3,1,'2019-08-14 20:33:43','2019-08-14 20:33:43'),(2,'Modules\\Main\\Entities\\CCase',3,'rerer4234324',4,NULL,'rwerwer',NULL,NULL,2,1,'2019-08-14 20:36:38','2019-08-14 21:10:40'),(3,'Modules\\Main\\Entities\\CCase',3,'Галерея',3,NULL,NULL,NULL,NULL,0,1,'2019-08-14 21:14:31','2019-08-14 21:14:31'),(4,'Modules\\Main\\Entities\\Article',1,'Заголовок блока новости',0,NULL,NULL,'<p>a&#39;lgh</p>\r\n\r\n<p>LGJ</p>\r\n\r\n<p>sdlgj</p>',NULL,0,1,'2019-08-15 06:57:45','2019-08-29 12:20:18'),(5,'Modules\\Main\\Entities\\Article',1,'задача и решение',1,NULL,NULL,NULL,NULL,0,1,'2019-08-19 04:24:25','2019-08-19 04:24:25'),(7,'Modules\\Main\\Entities\\Article',1,'блок результата',2,NULL,NULL,NULL,NULL,0,1,'2019-08-19 04:24:52','2019-08-19 04:24:52'),(10,'Modules\\Main\\Entities\\Article',2,'360 °',1,NULL,NULL,'<p>На заре сотрудничества, в 2012 г., бытовая техника Miele воспринималась как дорогая, премиальная марка, которую знает и покупает ограниченный круг людей. Задача, стоявшая перед агентством, заключалась в увеличении знания бренда и расширении круга потребителей.</p>\r\n\r\n<p>С конца 2016 г. клиент поставил задачу: перевести работу по продвижению бренда Miele с имиджевых инструментов на каналы, основанные на анализе данных (data-driven marketing).</p>','<p>В 2012&ndash;2014 гг. стратегия продвижения реализовывалась через комплексные кампании, включающие: Интернет, прессу, OOH, интеграционные проекты &laquo;Кухня MIELE&raquo; на релевантных ЦА нишевых ТВ-каналах РБК, &laquo;Дождь&raquo;.</p>\r\n\r\n<p>Максимально охватная коммуникация для расширения круга потребителей пришлась на 2015 г., с выходом бренда на эфирное ТВ в Москве и Санкт-Петербурге.</p>\r\n\r\n<p>С конца 2016 г. &ndash; переход к digital-маркетингу.&nbsp;</p>\r\n\r\n<p>Разработка и реализация комплексной PR, SMM и event стратегии, с акцентом на сторителлинг и нативные форматы. Фокус с уникальных потребительских свойств товара сместился на эмоции от использования и пользу бренда для потребителя.</p>\r\n\r\n<p>Привлечение лидеров мнений (блогеров, шеф-поваров), бренд-амбассадоров и проведение мероприятий, сегментированных на разные аудитории.</p>\r\n\r\n<p>Запуск, ведение и продвижение групп Miele в социальных сетях в России, создание локального контента.</p>',0,1,'2019-08-19 04:56:48','2019-09-10 07:32:35'),(17,'Modules\\Main\\Entities\\Article',1,'Как я провел это лето',4,NULL,NULL,NULL,NULL,0,1,'2019-08-29 12:20:47','2019-08-29 12:20:47'),(20,'Modules\\Main\\Entities\\CCase',6,'ВСЕРОССИЙСКАЯ ПРОГРАММА \"АКАДЕМИЯ ПАМЯТИ MEMINI\"',1,NULL,NULL,'<p>Популяризация знания о деменции и ее симптомах&nbsp;</p>\r\n\r\n<p>Увеличение посещаемости сайта о деменции Memini.ru</p>\r\n\r\n<p>Продвижение рецептурного препарата &laquo;Акатинол&raquo;</p>','<p>Наша программа продвижения всероссийской программы&nbsp; &laquo;Академия памяти MEMINI&raquo;, охватила более 50 городов и была реализована в формате городских мероприятий для всей семьи с дифференцированными активациями по возрасту: тестированием и бесплатным скринингом пожилых людей; лекторием, консультациями с медицинскими специалистами, помощью психолога и тематическим квестом для людей среднего возраста,&nbsp; анимационной программой для детей.&nbsp;&nbsp;</p>',0,1,'2019-09-09 09:01:32','2019-11-07 08:27:40'),(23,'Modules\\Main\\Entities\\CCase',2,'КАСТОМНАЯ АУДИТОРИЯ И ГЛОБАЛЬНАЯ СМЕНА КУРСА БРЕНДА',1,NULL,NULL,'<p>2012 г. - увеличить знание бренда и расширить круг&nbsp;потребителей</p>\r\n\r\n<p>2016 г.&nbsp;-&nbsp;перевести работу по продвижению бренда Miele с имиджевых инструментов на каналы, основанные на анализе данных (data-driven marketing).</p>','<p>В 2012&ndash;2014 гг. стратегия продвижения реализовывалась через комплексные кампании, включающие: Интернет, прессу, OOH, интеграционные проекты &laquo;Кухня MIELE&raquo; на релевантных ЦА нишевых ТВ-каналах РБК, &laquo;Дождь&raquo;.</p>\r\n\r\n<p>Максимально охватная коммуникация для расширения круга потребителей пришлась на 2015 г., с выходом бренда на эфирное ТВ в Москве и Санкт-Петербурге.</p>\r\n\r\n<p>С конца 2016 г. &ndash; развитие digital-маркетинга.&nbsp;</p>\r\n\r\n<p>Разработка и реализация комплексной стратегии, включающей в себя digital марктинг, PR обслуживание, SMM и event.</p>\r\n\r\n<p>Фокус с уникальных потребительских свойств товара сместился на эмоции от использования и пользу бренда для потребителя. С точки зрения товарных категорий, на первый план вышло продвижение кухонной техники.</p>\r\n\r\n<p>В 2017 и 2018 году агентство адаптировало международную кампанию Kitchen Experience для российского рынка и приступило к наращиванию знания и интереса к категории практически с нуля.</p>\r\n\r\n<p>Кампания сделала серьезный акцент на контент-маркетинге, в ее рамках вышло более 100 специальных проектов, с высоким уровнем конверсии в переходы на ресурсы бренда. Так же была проведена охватная OLV кампания, с использованием нестандартных форматов.</p>\r\n\r\n<p>Параллельно в течении года было организовано более 40 мероприятий: пресс-завтраки, пресс-конференции, презентации по запуску новых продуктов, кулинарные мастер-классы, совместные мероприятия с изданиями, мероприятия с архитекторами и дизайнерами, пресс-туры.</p>\r\n\r\n<p>Агентство споровождало бренд в social media, осуществляло&nbsp;продакшн контента и работу с амбассадорами и лидерами мнений.</p>\r\n\r\n<p>По итогам кампании рост брендовых запросов составил более 50%</p>',0,1,'2019-09-12 08:59:10','2019-11-07 07:14:37'),(24,'Modules\\Main\\Entities\\CCase',2,'MIELE',3,NULL,NULL,NULL,NULL,0,1,'2019-09-12 09:04:29','2019-09-12 09:04:29'),(25,'Modules\\Main\\Entities\\CCase',7,'TRACKVERTISING И ИНТЕГРАЦИИ',1,NULL,NULL,'<p>Вывести на рынок новый чайный бренд Bernley, для молодой активной аудитори, которой важен фактор бренда и&nbsp;связь с английскими традициями чаепития.</p>','<p>Мы разработали альтернативную стратегию&nbsp;вывода нового бренда на рынок, построенную на интеграционных и нестандартных проектах:</p>\r\n\r\n<p>Шоу &laquo;Голос&raquo; на Первом канале в 2013&ndash;2014 гг.</p>\r\n\r\n<p>В 2014 г. был реализован первый в Росии trackvertising кейс, когда непосредственно для бренда был создан аудио- и видеоконтент &mdash; песня и клип Валерии &laquo;Мой любимый&raquo;.</p>\r\n\r\n<p>Реализация на всех этапах: от идеи до продюсирования песни, съемок клипа и продвижения на ТВ и в радиоэфире.</p>\r\n\r\n<p>Следующим этапом стала интеграция в сериал &laquo;Лондонград&raquo; на СТС - целая серия была полностью посвящена пропаже целого вагона чая Bernley и расследованию.</p>\r\n\r\n<p>&nbsp;</p>',0,1,'2019-09-16 05:50:24','2019-11-07 08:24:49'),(27,'Modules\\Main\\Entities\\CCase',4,'ЯРКАЯ КОММУНИКАЦИОННАЯ СТРАТЕГИЯ',1,NULL,NULL,'<p>Стимулировать продажи кондиционеров Mitsubishi Electric через рост знания и предпочтения бренда на высококонкурентном российском рынке, где 85% принадлежит китайским производителям.</p>','<p>Создание яркой коммуникационной стратегии, раскрывающей главное преимущество кондиционеров Mitsubishi Electric &mdash; их долговечность и надежность.&nbsp;</p>\r\n\r\n<p>Реализация стратегии через комплексную коммуникацию:</p>\r\n\r\n<p>гибридное размещение на региональном и федеральном ТВ, спецпроекты на радио, мультиканальное размещение в Интернете, OOH и прессе.</p>\r\n\r\n<p font-size:=\"\" open=\"\" style=\"box-sizing: border-box; margin: 0px 0px 10px; font-family: \">&nbsp;</p>\r\n\r\n<p font-size:=\"\" open=\"\" style=\"box-sizing: border-box; margin: 0px 0px 10px; font-family: \">&nbsp;</p>',0,1,'2019-09-16 06:44:32','2019-10-09 11:28:30'),(29,'Modules\\Main\\Entities\\CCase',4,'БРЕНД СТАЛ ЛИДЕРОМ В СВОЕЙ КАТЕГОРИИ',2,NULL,NULL,'<p>Mitsubishi Electric занял второе место по показателю силы бренда и стал лидером в своей категории &mdash; знание увеличилось на 11%.</p>\r\n\r\n<p>Сотрудничество - 6 лет</p>',NULL,0,1,'2019-09-16 07:08:22','2019-10-09 11:25:05'),(30,'Modules\\Main\\Entities\\CCase',1,'ПРЕДЛОЖЕНИЕ РУКИ, СЕРДЦА И КОЛЬЦА VALTERA',1,NULL,NULL,'<p>Увеличить уровень знания бренда</p>\r\n\r\n<p>Усилить позицию бренда на высоко конкурентном рынке ювелирных изделий Москвы и Санкт-Петербурга в 2015-2016 гг.</p>\r\n\r\n<p>&nbsp;</p>','<p>Традиционное размещение на федеральном ТВ Москвы и Санкт-Петербурга</p>\r\n\r\n<p>Спонсорская интеграция бренда в шоу &laquo;Холостяк&raquo; на телеканале ТНТ</p>\r\n\r\n<p>Кульминационным моментом шоу должно было стать предложение руки, сердца и кольца Valtera. Но главный герой принял решение остаться холостяком.</p>\r\n\r\n<p>Одна бессонная ночь клиента, агентства и&nbsp;телеканала ТНТ, и уже под утро мы развернули широкую &nbsp;digital и PR кампания бренда Valtera на основе скандального инфоповода.</p>\r\n\r\n<p>В социальных сетях был запущен конкурс &laquo;Влюбленные сердца&raquo;, главным призом которого стало кольцо из шоу &laquo;Холостяк&raquo;</p>',0,1,'2019-09-16 07:19:03','2019-11-07 07:30:44'),(37,'Modules\\Main\\Entities\\CCase',6,'12.000 ЧЕЛОВЕК ПРОШЛИ ТЕСТИРОВАНИЕ, 5.000 БЫЛИ НАПРАВЛЕНЫ НА УГЛУБЛЕННУЮ ДИАГНОСТИКУ',2,NULL,NULL,'<p>Более 40 000 посетителей.</p>\r\n\r\n<p>12 000 человек прошли тестирование, 5000 были направлены на углубленную диагностику.</p>\r\n\r\n<p>В СМИ вышло более 200 публикаций и сюжетов, которые охватили более 25 миллионов человек.</p>\r\n\r\n<p>Были сформированы локальные деятельные сообщества, объединяющие институт гериатров, центры медицинской профилактики и Союз пенсионеров.</p>\r\n\r\n<p><strong>НАГРАДЫ</strong></p>\r\n\r\n<p>2 награды фестиваля &ldquo;Серебряный Меркурий&rdquo; 2017 г. в номинации: &ldquo;event для b2c&rdquo; и &ldquo;cоциальная&nbsp;кампания коммерческих организаций&rdquo;.</p>',NULL,0,1,'2019-09-17 06:27:51','2019-11-07 08:28:37'),(38,'Modules\\Main\\Entities\\CCase',9,'ИГРОФИЦИРОВАННЫЙ ПОРТАЛ \"ГОРОД ЗДОРОВЬЯ\"',1,NULL,NULL,'<p>Разработать адаптацию федеральной образовательной программы&nbsp;&ldquo;Разговор о правильном питании Nestle&rdquo; в digital с функционалом для детей младшего школьного возраста и учителей.</p>','<p>Создание образовательного игрофицированного портала &laquo;Город здоровья&raquo; <a href=\"https://www.prav-pit.ru/kids\"><span style=\"color:#ff0099;\">https://www.prav-pit.ru/kids</span></a><span style=\"color:#ff0099;\"> </span>с максимально доступным управлением и интуитивным интерфейсом, реализованного в виде мультяшного города.</p>\r\n\r\n<p>Доступ через личный кабинет позволял детям участвовать в комплексе интересных активаций, цель которых &ndash; в игровой форме формировать культуру питания, учителям - получать методическую литературу о здоровом питании, смотреть online-лекции.&nbsp;</p>\r\n\r\n<p>Чтобы достичь максимального вовлечения в тематические задания, был создан (образ, анимация, озвучка) бренд-персонаж &ndash; мальчик-помощник, который сопровождал пользователя на всех этапах и давал подсказки во время выполнения заданий.</p>',0,1,'2019-09-17 06:54:43','2019-09-19 09:18:46'),(40,'Modules\\Main\\Entities\\CCase',9,'ОХВАТ - 61 РЕГИОН РОССИЙСКОЙ ФЕДЕРАЦИИ',2,NULL,NULL,'<p>Охват: 61 регион РФ</p>\r\n\r\n<p>Более 2.500 преподавателей и 4.000 учеников-участников проекта</p>',NULL,0,1,'2019-09-17 06:56:15','2019-09-19 09:18:19'),(42,'Modules\\Main\\Entities\\CCase',9,'ГОРОД ЗДОРОВЬЯ',4,'images/FR3JXWEofo46TngW3aYZD5Xmn0Qwfg9IoNB93H9M.jpeg','https://www.youtube.com/embed/HTgKJpBAov4?wmode=opaque&autohide=1&autoplay=1&enablejsapi=1',NULL,NULL,0,1,'2019-09-17 07:07:25','2019-10-10 06:30:47'),(43,'Modules\\Main\\Entities\\Article',3,'#MOVINGFUTURE: ТРАНСФОРМАЦИЯ В ГОД 25-ЛЕТИЯ',0,NULL,NULL,'<p><strong>Новое позиционирование и&nbsp;новые принципы</strong></p>\r\n\r\n<p><strong>Новая миссия агентства&nbsp;</strong></p>\r\n\r\n<p><strong>Новый лого и&nbsp;фирменный стиль</strong></p>\r\n\r\n<p>&nbsp;</p>\r\n\r\n<p><strong>В общем, как говорится &mdash; в 25 все только начинается!</strong></p>\r\n\r\n<p>&nbsp;</p>\r\n\r\n<p>Большая статья на Sostav.ru: <a href=\"https://www.sostav.ru/publication/movingfuture-transformatsiya-kg-movie-v-god-25-letiya-kompanii-34887.html\" target=\"_blank\"><span style=\"color:#40E0D0;\">https://www.sostav.ru/publication/movingfuture-transformatsiya-kg-movie-v-god-25-letiya-kompanii-34887.html</span></a></p>',NULL,0,1,'2019-09-17 07:48:41','2019-10-11 07:26:31'),(44,'Modules\\Main\\Entities\\Article',5,'ЕДИНОЕ ОКНО ДЛЯ ЗАЩИТЫ ИНТЕРЕСОВ КЛИЕНТОВ',0,NULL,NULL,'<p>Мы в MOVIE гордимся своей последовательностью и интеллигентностью в ведении бизнеса. Поэтому стали идеальными кандидатами на вхождение в комиссию по этике АКАР, сопредседателем которой была избрана Екатерина Селявина.</p>\r\n\r\n<p>&nbsp;</p>\r\n\r\n<p>На новом посту Екатерина сфокусируется на защите интересов клиентов, которые сталкиваются с недобросовестными действиями агентств, но в силу отсутствия окна для такой обратной связи, остаются неуслышанными и экстраполируют недовольство, а следом и недоверие, на порядочные агентства.</p>\r\n\r\n<p>&nbsp;</p>\r\n\r\n<p>Единое окно для защиты интересов клиентов станет шагом на пути гармонизации отношений игроков рынка: агентства много обсуждают и исследуют ущемления со стороны клиентов (фиктивные тендеры, постоплаты), при этом клиенты несут прямые потери от невыполнения агентствами взятых на себя обязательств и нуждаются в отстаивании своих позиций.</p>\r\n\r\n<p>Также среди инициатив Екатерины - запуск исследований, посвященных случаям неэтичного поведения агентств, этичности взаимоотношений подрядчиков и агентств.</p>\r\n\r\n<p>&nbsp;</p>\r\n\r\n<p><strong>Поздравляем Екатерину с новыми постами Сопредседателя комиссии по этике и Вице-президента АКАР и желаем развить это значимое для рынка направление!</strong></p>',NULL,0,1,'2019-09-17 08:47:19','2019-10-09 05:28:55'),(45,'Modules\\Main\\Entities\\Article',6,'Асфальт, я тебе не по зубам!',3,NULL,NULL,NULL,NULL,0,1,'2019-09-17 09:49:01','2019-09-17 09:49:01'),(46,'Modules\\Main\\Entities\\CCase',10,'БЕЗ ЛИШНИХ М-М-М И РЕКЛАМНЫХ ПРИЧМОКИВАНИЙ',1,NULL,NULL,'<p>Разработать новую имиджевую рекламную кампанию для весовых конфет &laquo;Красный Октябрь&raquo; с исторической составляющей бренда</p>','<p>Конфеты фабрики &laquo;Красный Октябрь&raquo; почти сто лет радуют любителей сладкого и стали неотъемлемой частью истории нашей страны.</p>\r\n\r\n<p>В основе кампании &mdash; истории о том, как люди едят конфеты по-настоящему, без лишних м-м-м и рекламных причмокиваний.</p>\r\n\r\n<p>Мама может не устоять и взять конфету из подарка дочке, на свадьбе на столе может оказаться ваза с красиво завернутыми пустыми фантиками,</p>\r\n\r\n<p>а альпинисты могут поспорить, кому достанется последняя конфета на вершине &mdash; об этом ролик &laquo;Хочу конфет!&raquo;.</p>',0,1,'2019-09-18 09:32:57','2019-09-19 09:23:31'),(47,'Modules\\Main\\Entities\\CCase',10,'ХОЧУ КОНФЕТ',4,'images/FZCr8Hoc4CbDwA3bM1FJqfWmpz7VUfBoK8ekHxrc.jpeg','https://www.youtube.com/embed/Yijq7zLNU0I?wmode=opaque&autohide=1&autoplay=1&enablejsapi=1',NULL,NULL,0,1,'2019-09-18 09:34:36','2019-10-10 05:55:38'),(48,'Modules\\Main\\Entities\\CCase',11,'КНИГА НЕОБЫЧНЫХ СКАЗОК',1,NULL,NULL,'<p>Популяризация знания о деменции и ее симптомах среди семейной аудитории.&nbsp;</p>\r\n\r\n<p>Увеличение посещаемости сайта о деменции Memini.ru. Продвижение рецептурного препарата &laquo;Акатинол&raquo;.</p>','<p>Проект в форме книги (и аудиокниги) необычных сказок, привлекающий внимание к деменции и ее симптомам.</p>\r\n\r\n<p>Одна сказка - один симптом.</p>\r\n\r\n<p>Мамы и папы, читая их своим детям, могли заметить, что с их пожилыми родителями что-то не так и обратиться к специалистам, чтобы замедлить развитие болезни.</p>',0,1,'2019-09-18 10:38:09','2019-09-19 10:15:35'),(50,'Modules\\Main\\Entities\\CCase',12,'ОДИН ДЕНЬ ИЗ ЖИЗНИ ГЛАВНЫХ ГЕРОЕВ КОМПАНИИ \"САВУШКИН\"',1,NULL,NULL,'<p>Яркая рекламная кампания в рамках платформы бренда &laquo;Мы продолжаем доить&raquo;</p>','<p>Мы показали один день из жизни главных героев компании &laquo;Савушкин&raquo; &mdash; Коровы и Дояра.</p>\r\n\r\n<p>Казалось бы, их планы точно должен разрушить надвигающийся торнадо. Однако наши герои не лыком шиты.</p>\r\n\r\n<p>Они продолжают доить несмотря ни на что. Ведь &laquo;Савушкин творог&raquo; всегда делается из свежего молока.</p>',0,1,'2019-09-19 04:40:45','2019-09-19 09:27:40'),(51,'Modules\\Main\\Entities\\CCase',12,'САВУШКИН ТВОРОГ',4,NULL,'https://www.youtube.com/watch?v=u36xntRO9Pc',NULL,NULL,0,1,'2019-09-19 04:41:50','2019-09-19 04:42:37'),(52,'Modules\\Main\\Entities\\CCase',13,'Не так просто быть правильным. Не так просто, как йогурту Савушкин.',1,NULL,NULL,NULL,NULL,0,1,'2019-09-19 04:47:51','2019-09-19 04:47:51'),(53,'Modules\\Main\\Entities\\CCase',13,'САВУШКИН ЙОГУРТ',4,NULL,'https://www.youtube.com/watch?v=4wycdxSBrys',NULL,NULL,0,1,'2019-09-19 04:48:18','2019-09-19 04:48:32'),(54,'Modules\\Main\\Entities\\CCase',14,'СТАНЬ ДЕДОМ МОРОЗОМ ДЛЯ СВОИХ РОДИТЕЛЕЙ',1,NULL,NULL,'<p>Создать новогодний видео&nbsp;ролик &nbsp;и рассказать о специальной ставке по кредиту от Сбербанка.</p>','<p>Мы придумали трогательную историю мальчике, который узнал, что на Дед Мороз не приходит&nbsp;ко&nbsp;взрослым людям,</p>\r\n\r\n<p>и&nbsp; решает сам стать Дедом Морозов для своих родителей &mdash; как в сказке!</p>\r\n\r\n<p>Ну, а взрослые, благодаря ему и Сбербанку получают возможность купить прекрасные подарки.</p>',0,1,'2019-09-19 04:57:16','2019-11-07 06:41:53'),(55,'Modules\\Main\\Entities\\CCase',14,'НОВЫЙ ГОД',4,'images/5hsVnJcA2BODeeIrqBROHOb86nCBQQ4oD8J2siKA.jpeg','https://www.youtube.com/embed/Sqpis18SgXw?wmode=opaque&autohide=1&autoplay=1&enablejsapi=1',NULL,NULL,0,1,'2019-09-19 05:01:46','2023-02-07 07:22:17'),(56,'Modules\\Main\\Entities\\CCase',15,'КОММУНИКАЦИОННАЯ ПЛАТФОРМА \"ШКОЛА ЗДОРОВЬЯ\"',1,NULL,NULL,'<p>Разработать коммуникацию бренда в digital</p>\r\n\r\n<p>Повысить охват и сформировать лояльную аудиторию.</p>','<p>Мы разработали коммуникационную платформу -&nbsp; проект&nbsp;&laquo;Школа Здоровья Геделикс&raquo;, который включал в себя:</p>\r\n\r\n<p>Разработку и запуск сайта <u><a href=\"http://kashelstop.ru/\">http://kashelstop.ru/</a></u>,&nbsp; его продвижение в социальные сетях и СМИ.</p>\r\n\r\n<p>Запуск и ведение официальных сообществ бренда в социальных сетях: Instagram, Vkontakte, OK.</p>\r\n\r\n<p>Производство контента для сайта и социальных сетей &ndash; фото, видео, статьи (привлечено более 30 экспертов-авторов)</p>\r\n\r\n<p>Сотрудничество с блогерами.</p>\r\n\r\n<p>SEO, OLV кампания</p>',0,1,'2019-09-19 05:16:27','2019-11-07 08:32:06'),(57,'Modules\\Main\\Entities\\CCase',15,'ОХВАТ - 10 МЛН. ПОЛЬЗОВАТЕЛЕЙ',2,NULL,NULL,'<p>Ежемесячная аудитория сайта&nbsp; около 30&nbsp;тысяч пользователей</p>\r\n\r\n<p>Общий суммарный охват пользоватей соцсетей составил ок. 10 млн. за период октябрь 2017 &ndash; апрель 2018.</p>\r\n\r\n<p>Собрана команда авторов-экспертов: врачи, блогеры, журналисты.</p>\r\n\r\n<p>Более 210 уникальных статей вышло на сайте проекта.</p>\r\n\r\n<p>В рамках платформы реализована программа лояльности от Геделикс: система личных кабинетов и бонусов.</p>',NULL,0,1,'2019-09-19 05:18:08','2019-11-07 08:33:40'),(58,'Modules\\Main\\Entities\\CCase',16,'ПОСТРОЕНИЕ ПЛАТФОРМЫ НА АРХЕТИПЕ ЗОЛУШКИ',1,NULL,NULL,'<p>Создать и внедрить креативную платформу на 2019 год, которая позволяет отстроиться от конкурентов в своем сегменте за счет смены восприятия покупки обуви с &laquo;купить дешевле &ndash; уложиться в бюджет&raquo; на &laquo;купить то, что хочется, побаловать себя&raquo;</p>','<p>Платформа была построена на архетипе золушки и внутреннем конфликте между &quot;надо&quot; и &quot;хочу&quot;, который лег в основу креативной концепции.</p>\r\n\r\n<p>В серии роликов практичная героиня (актриса Мария Куликова), благодаря Kari, позволяет себе все, что требуют ее внутренние персонажи: Императрица, модный критик, девочка-бунтарка, звездная дива, карьеристка и др.&nbsp;</p>\r\n\r\n<p>Все 12 сюжетов поддерживались продуктовым предложением для каждого героя, времени года и месяца.</p>',0,1,'2019-09-19 05:37:33','2019-10-10 06:17:48'),(59,'Modules\\Main\\Entities\\CCase',16,'БУНТАРКА',4,'images/8lwQ9NlRXAQxYwglYJ61nsbZAve9iKa8htHbLgtF.jpeg','https://www.youtube.com/embed/pWEK5_Dv0kY?wmode=opaque&autohide=1&autoplay=1&enablejsapi=1',NULL,NULL,0,1,'2019-09-19 05:39:30','2023-02-07 06:30:09'),(60,'Modules\\Main\\Entities\\CCase',16,'ИМПЕРАТРИЦА',4,'images/zDDWq0kAQQYtvEkIaoDNfZmNRORR45N6KXWNjHZC.jpeg','https://www.youtube.com/embed/dmn8tfK9XRQ?wmode=opaque&autohide=1&autoplay=1&enablejsapi=1',NULL,NULL,0,1,'2019-09-19 05:40:09','2019-10-10 07:21:32'),(61,'Modules\\Main\\Entities\\CCase',17,'ПОКАЗАТЬ БРЕНД В УСЛОВИЯХ РЕАЛЬНЫХ РОССИЙСКИХ ДОРОГ',1,NULL,NULL,'<p>Вывод нового бренда на рынок</p>','<p>В&nbsp;2006 г., марка Cordiant была известна лишь ~6% россиян и использовалась только на каждой пятисотой машине.</p>\r\n\r\n<p>Доверие потребителя рекламой &laquo;в лоб&raquo; в категории шин построить трудно, нужны доказательства. Поэтому мы&nbsp;приняли вызов и начали объяснять и доказывать&hellip;</p>\r\n\r\n<p>В результате за 10 лет работы в области ТВ интеграций, сюжетов и размещения бренд прочно занял нишу &laquo;мужского&raquo; спорта, автоспорта и автомобильной тематики.</p>\r\n\r\n<p>Реализовано более 80 различных специальных проектов</p>\r\n\r\n<p>Проведены трейдмаркетинговые компании &laquo;Колесим по России&raquo;, &laquo;Зимний триатлон от Cordiant&raquo;</p>\r\n\r\n<p>Разработан дизайн интернет-баннеров, наружной рекламы, POS-материалов</p>\r\n\r\n<p>Создана уникальная система менеджмента, способная эффективно управлять таким объемом разносторонних проектов (от спонсорства телетрансляций до участия в ралли)</p>',0,1,'2019-09-19 06:19:53','2019-11-07 07:26:58'),(62,'Modules\\Main\\Entities\\CCase',17,'ПОЗИЦИЯ в TОР-4 ПО ИСПОЛЬЗОВАНИЮ ШИН В КАТЕГОРИИ',2,NULL,NULL,'<p>Бренд прочно&nbsp;закрепился в группе лидеров рынка.</p>\r\n\r\n<p>Вошел в топ-4 по использованию в категории.</p>\r\n\r\n<p>Знание бренда среди ЦА достигло 43,6%.</p>\r\n\r\n<p>Рост числа потребителей увеличился в 5,2 раза.</p>\r\n\r\n<p>Сотрудничество &mdash; более 12 лет.</p>',NULL,0,1,'2019-09-19 06:25:03','2019-11-07 07:27:16'),(63,'Modules\\Main\\Entities\\CCase',17,'ИМПЕРИЯ CORDIANT',4,'images/wr5as3IbZqrBVphkD93BD1r96RVLB5ZnAndYJTHV.jpeg','https://www.youtube.com/embed/MAL8TKheKuk?wmode=opaque&autohide=1&autoplay=1&enablejsapi=1',NULL,NULL,0,1,'2019-09-19 06:26:14','2019-10-10 05:30:00'),(65,'Modules\\Main\\Entities\\CCase',8,'УСКОРЕНИЕ, КОТОРОЕ ПОЗВОЛЯЕТ ДВИГАТЬСЯ ВМЕСТЕ С МИРОМ.',1,NULL,NULL,'<p>Обозначить ценность бренда и построить яркую имиджевую коммуникацию</p>','<p>Мы разработали для бренда моторных масел Роснефть коммуникацию и сняли видео ролик &laquo;Начните движение к новой цели&raquo; с ключевым посланием: &quot;Ускорение, которое позволяет двигаться вместе с миром вокруг.&quot;</p>\r\n\r\n<p>Съемки ролика проходили в Грузии и России. Ролик был снят за 3 недели.</p>\r\n\r\n<p>Режиссер проекта -&nbsp;&nbsp;Михаил Локшин, чья работа для бренда &laquo;Сибирская корона&raquo; с Дэвидом Духовны уже стала легендой рекламной индустрии</p>',0,1,'2019-09-19 09:04:48','2019-11-07 07:20:49'),(67,'Modules\\Main\\Entities\\CCase',8,'СУММАРНЫЙ ОХВАТ ЦА В 3-Х СТРАНАХ - 20 МЛН.ЧЕЛ',2,NULL,NULL,'<p>Суммарный охват ЦА в 3 странах составил 20 млн. чел., количество рекламных контактов (OTS) достигло 303,7 млн.</p>\r\n\r\n<p>Кампания повлияла на спрос: объем производства масел &laquo;Роснефть&raquo; составил 720 тыс. тонн, по итогам 2015 г., что составляет 30% от объема производства товарных масел в РФ.&nbsp;&nbsp;&nbsp;</p>',NULL,0,1,'2019-09-19 09:10:55','2019-11-07 07:21:29'),(68,'Modules\\Main\\Entities\\CCase',8,'РОСНЕФТЬ',4,'images/khSN6ZVSzIzHEGYmetK4yywlUXegzRSLir7Az3SJ.jpeg','https://www.youtube.com/embed/Nn0wmvC_OdI?wmode=opaque&autohide=1&autoplay=1&enablejsapi=1',NULL,NULL,0,1,'2019-09-19 09:14:16','2019-10-10 06:00:33'),(69,'Modules\\Main\\Entities\\CCase',11,'МОЯ БАБУШКА ЯГА',4,NULL,'https://www.youtube.com/watch?v=JIgKzVw0zRk&feature=youtu.be',NULL,NULL,0,1,'2019-09-19 10:16:01','2019-09-19 10:16:08'),(71,'Modules\\Main\\Entities\\CCase',16,'КРИТИК',4,'images/T4is6tlrgLgLmFQsc9w9qi8dxYAZvOa4jAD8l1Fy.jpeg','https://www.youtube.com/embed/d8rYGyh-Zuo?wmode=opaque&autohide=1&autoplay=1&enablejsapi=1',NULL,NULL,0,1,'2019-10-09 04:45:55','2023-02-07 06:30:31'),(72,'Modules\\Main\\Entities\\Article',4,'Ярмарка Добра',0,NULL,NULL,'<p>В 2017 году мы совместно с сетью кофеен &laquo;Даблби&raquo; &laquo;согревали&raquo; пожилых людей в домах престарелых, собирая пожертвования для фонда &laquo;Старость в радость&raquo;</p>\r\n\r\n<p>В 2018 мы провели благотворительный аукцион в офисе MOVIE в поддержку воспитанников нашей подшефной Заокской школы-интерната.<br />\r\nЛотами аукциона стали игрушки, соления, вязаные шапки, предметы&nbsp;искусства и интерьера, новогодний декор, кулинарные блюда &ndash; всего около 40 предметов, которые принесли коллеги из дома. Здесь каждый мог выбрать для себя что-то нужное или полезное.</p>\r\n\r\n<p>Приятно, что некоторые покупали не потому, что им что-то было нужно, а потому, что хотели помочь..!<br />\r\nТак вещи обрели новых хозяев, а мы собрали адекватную сумму, чтобы устроить детям из &laquo;Заокской&raquo; масштабный новогодний праздник.<br />\r\nПроизошел такой обмен вещами и энергиями, в результате которого высвободилось огромное количество позитива и добра!</p>\r\n\r\n<p><strong>Спасибо всем ОГРОМНОЕ! Это было здорово! Встретимся в 2019!</strong></p>',NULL,0,1,'2019-10-09 05:05:57','2019-10-09 05:20:20'),(75,'Modules\\Main\\Entities\\Article',10,'КАРТА РЫНКА ФАРМ КОММУНИКАЦИЙ',0,NULL,NULL,'<p>5 сентября эксперты АКАР представили индустрии первую карту фарм коммуникаций, которая призвана помочь отстроить взаимосвязь между клиентами и агентствами и дать более четкое представление о действующих игроках рынка.</p>\r\n\r\n<p>&nbsp;</p>\r\n\r\n<p>Коммуникационная группа MOVIE рада быть сопричастной к этому по-настоящему значимому событию.</p>\r\n\r\n<p>&nbsp;</p>\r\n\r\n<p><span style=\"color:#4B0082;\">Подробности на Sostav.ru:</span> <a href=\"https://www.sostav.ru/publication/akar-vypustila-pervuyu-kartu-rynka-farm-kommunikatsij-39083.html\" target=\"_blank\">https://www.sostav.ru/publication/akar-vypustila-pervuyu-kartu-rynka-farm-kommunikatsij-39083.html</a></p>\r\n\r\n<h3>&nbsp;</h3>',NULL,0,1,'2019-10-09 06:31:16','2019-10-11 07:22:14'),(76,'Modules\\Main\\Entities\\CCase',18,'НИКИТА ЕФРЕМОВ В РОЛИ ВНУКА МОРОЗА',1,NULL,NULL,'<p>Привлечь внимание активных пользователей социальных сетей к сбору подарков для стариков в домах престарелых</p>','<p>Проект с участием Никиты Ефремова, внука легендарного Олега Ефремова, призывающий&nbsp;собрать новогодние подарки для бабушек и дедушек в домах престарелых, став для них Внуками Морозами. &nbsp;</p>\r\n\r\n<p>Продвижение роликов&nbsp;через digital-каналы (Facebook, VK, Youtube).</p>',0,1,'2019-10-09 06:55:23','2019-10-09 07:53:15'),(77,'Modules\\Main\\Entities\\CCase',18,'С ЧЕГО ВСЕ НАЧАЛОСЬ',0,NULL,NULL,'<p>В 2016 г. у фонда &laquo;Старость в радость&raquo; был аврал с поздравление подопечных.</p>\r\n\r\n<p>За 1,5 месяца до Нового года они собрали лишь 5000 подарков.</p>\r\n\r\n<p>И тогда подключись креативное агентство&nbsp;Anybodyhome! и Никита Ефремов и сняли первый ролик, который мы посеяли в соц.сетях. &nbsp;&nbsp;</p>',NULL,0,1,'2019-10-09 07:27:06','2019-10-09 07:40:34'),(78,'Modules\\Main\\Entities\\CCase',18,'ВНУК МОРОЗ 1',4,'images/0qOyvCLixiHwck94ds1TLDLPVe8g5113B9WhCBT8.jpeg','https://www.youtube.com/embed/4KsPZM5pQ_U?wmode=opaque&autohide=1&autoplay=1&enablejsapi=1',NULL,NULL,0,1,'2019-10-09 07:28:12','2019-10-10 05:32:53'),(79,'Modules\\Main\\Entities\\CCase',18,'25.000 ПОДАРКОВ И 1 МЛН. РУБЛЕЙ ЗА 3 НЕДЕЛИ ДО НОВОГО ГОДА',2,NULL,NULL,'<p>За 3 недели до Нового года, при помощи ролика, были cобраны 25.000 подарков и 1 млн. рублей.</p>\r\n\r\n<p>&nbsp;</p>',NULL,0,1,'2019-10-09 07:33:20','2019-10-09 07:53:23'),(80,'Modules\\Main\\Entities\\CCase',18,'ВНУК МОРОЗ 2',4,'images/0BI0FxU8cgdtk2gHnEiRFmLwISxZpoj2kGeUA4iC.jpeg','https://www.youtube.com/embed/j2ABDiDwLLU?wmode=opaque&autohide=1&autoplay=1&enablejsapi=1',NULL,NULL,0,1,'2019-10-09 09:12:43','2019-10-10 05:33:53'),(81,'Modules\\Main\\Entities\\CCase',18,'ВНУК МОРОЗ 3',4,'images/LSbkTskdQ9rdTEp8e244j1GiZTJLvQXKVLA5pmum.jpeg','https://www.youtube.com/embed/olaoIEQO6PI?wmode=opaque&autohide=1&autoplay=1&enablejsapi=1',NULL,NULL,0,1,'2019-10-09 09:15:32','2019-10-10 05:34:46'),(82,'Modules\\Main\\Entities\\Article',11,'ПОЗДРАВЛЯЕМ КОМАНДУ ANYBODYHOME И ФОНД  \"СТАРОСТЬ В РАДОСТЬ\"',0,NULL,NULL,'<p>10 сентября, в пространстве ситуационного центра Министерства экономического развития прошла встреча представителей НКО, рекламной и медиа индустрии, на который были подведены итоги всероссийского конкурса социальной рекламы &nbsp;&laquo;Реклама будущего&raquo;.</p>\r\n\r\n<p>&nbsp;</p>\r\n\r\n<p>По итогам зрительского, а затем и экспертного голосования, креативное агентство&nbsp;Anybodyhome! завоевало:</p>\r\n\r\n<p>1 МЕСТО в номинации ПРИНТ - <a href=\"https://adfuture.ru/works/view/301\" target=\"_blank\"><span style=\"color:#40E0D0;\">&laquo;ГЕНИАЛЬНО!* По мнению бабушек&raquo; для фонда &laquo;Старость в радость&raquo;.</span></a></p>\r\n\r\n<p>2 МЕСТО в номинации ВИДЕО &nbsp;- <a href=\"https://adfuture.ru/works/view/304\" target=\"_blank\"><span style=\"color:#40E0D0;\">&laquo;ВНУК МОРОЗ&raquo; для фонда &laquo;Старость в радость&raquo;.&nbsp;</span></a></p>\r\n\r\n<p>&nbsp;</p>\r\n\r\n<p><strong>Искренне поздравляем команду&nbsp;Anybodyhome! и наших дорогих друзей &laquo;Старость в радость&raquo;!</strong></p>\r\n\r\n<p><strong>Отдельную благодарность хотим выразить организаторам конкурса, экспертному жюри и всем-всем причастным! УРА!</strong></p>',NULL,0,1,'2019-10-09 09:51:45','2019-10-11 07:30:38'),(84,'Modules\\Main\\Entities\\CCase',4,'КОНЦЕПЦИЯ \"ДРУГ НА ВСЕ ВРЕМЕНА\"',0,NULL,NULL,'<p>В 2016 году мы рассказали историю о долгой дружбе мальчика и собаки, свидетелем и участником которой, является кондиционер.</p>\r\n\r\n<p>&laquo;Друг на все времена&raquo; &ndash; это первый ролик в истории бренда, снятый российским агентством для международного бренда Mitsubishi Electric.</p>\r\n\r\n<p>Ролик получил органическое вирусное распространение в сети - более 2,5 млн просмотров и был признан лучшим в&nbsp;представительствах компании по всему миру - от Японии до Новой Зеландии.</p>',NULL,0,1,'2019-10-09 11:06:30','2019-11-07 05:55:53'),(85,'Modules\\Main\\Entities\\CCase',4,'ДРУГ НА ВСЕ ВРЕМЕНА',4,'images/2Qofiw9Vjne1f7FCqbGamlRtEVdgVoSfFua96PMu.jpeg','https://www.youtube.com/embed/q8erDwbX-cM?wmode=opaque&autohide=1&autoplay=1&rel=0',NULL,NULL,0,1,'2019-10-09 11:30:36','2019-10-09 12:35:56'),(86,'Modules\\Main\\Entities\\CCase',4,'КОНЦЕПЦИЯ #НУЖНЫКАКВОЗДУХ',0,NULL,NULL,'<p>В начале 2018 года мы разработали и реализовали рекламную&nbsp;кампанию 360 -&nbsp;&nbsp;#НУЖНЫКАКВОЗДУХ.</p>\r\n\r\n<p>В ее основе продвижение микроклимата как ценности с акцентом на технологичность и надежность кондиционеров.&nbsp;</p>\r\n\r\n<p>Перед агентством стояла задача создать единую креативную платформу для двух линеек кондиционеров Mitsubishi Electric &mdash; premium и classic &mdash; и выстроить коммуникацию с несколькими сегментами ЦА: обратиться к премиальной аудитории и рассказать потенциальным потребителям классической линейки о том, что премиальное качество Mitsubishi Electric доступно каждому.</p>',NULL,0,1,'2019-10-09 11:39:59','2019-11-07 05:58:16'),(87,'Modules\\Main\\Entities\\CCase',4,'#НУЖНЫКАКВОЗДУХ',4,'images/83vnmvJ62F1x28AVwp31cH4n5DORQOVto9A4jbFR.jpeg','https://www.youtube.com/embed/v7YkFD8o1fo?wmode=opaque&autohide=1&autoplay=1&enablejsapi=1',NULL,NULL,0,1,'2019-10-09 11:53:22','2019-10-09 12:32:48'),(88,'Modules\\Main\\Entities\\CCase',4,'#НУЖНЫКАКВОЗДУХ',4,'images/7gtNdm9Ql3J8MtxgeWqB0I578QuYYmxqnHUJrIQa.jpeg','https://www.youtube.com/embed/0zn5vWkYxB4?wmode=opaque&autohide=1&autoplay=1&enablejsapi=1',NULL,NULL,0,1,'2019-10-09 12:33:38','2019-10-09 12:34:43'),(89,'Modules\\Main\\Entities\\CCase',6,'АКАДЕМИЯ ПАМЯТИ',4,'images/pkzGaFdVu1xboAom8cHssxpUR2UKsyvNDNSu1zZi.jpeg','https://www.youtube.com/embed/e5Hpf8I6F0Y?wmode=opaque&autohide=1&autoplay=1&enablejsapi=1',NULL,NULL,0,1,'2019-10-10 05:41:18','2019-10-10 05:42:50'),(91,'Modules\\Main\\Entities\\CCase',1,'ЗА 1,5 ГОДА ЗНАНИЕ БРЕНДА ДОСТИГЛО 27% СРЕДИ ЦА',2,NULL,NULL,'<p>Уменьшение стоимости&nbsp;целевого контакта.</p>\r\n\r\n<p>Сокращение затрат на прямую рекламу.</p>\r\n\r\n<p>За 1,5 года знание бренда достигло 27% среди ЦА, а потребление марки увеличилось на 135%.</p>',NULL,0,1,'2019-10-10 06:10:20','2019-11-07 07:30:55'),(94,'Modules\\Main\\Entities\\CCase',7,'ЗА 1,5 ГОДА ЗНАНИЕ БРЕНДА ДОСТИГЛО 27% СРЕДИ ЦА',2,NULL,NULL,'<p>Уменьшение стоимость целевого контакта.</p>\r\n\r\n<p>Сокращение затрат на прямую рекламу.</p>\r\n\r\n<p>За 1,5 года знание бренда достигло 27% среди ЦА, а потребление марки увеличилось на 135%.</p>',NULL,0,1,'2019-10-10 07:05:48','2019-10-10 07:06:03'),(95,'Modules\\Main\\Entities\\CCase',7,'ЛЮБИМЫЙ ЧАЙ',4,'images/s7y3rJTmEEPLp1KpxaA8jYM6z9tHwqKsF5svSHLg.jpeg','https://rutube.ru/play/embed/d8b1668ab9a7a75402df148843d8f1bf/',NULL,NULL,0,1,'2019-10-10 07:06:37','2025-09-16 06:35:01'),(96,'Modules\\Main\\Entities\\CCase',7,'ЛЮБИМЫЙ ЧАЙ',4,'images/fzCQkv6c4ggUmg0VWkN6GO2G3oe3oxpkepmJKALJ.jpeg','https://www.youtube.com/embed/AwE0krvDMh4?wmode=opaque&autohide=1&autoplay=1&enablejsapi=1',NULL,NULL,0,1,'2019-10-10 07:08:37','2019-10-10 07:09:36'),(97,'Modules\\Main\\Entities\\CCase',1,'ВЛЮБЛЕННЫЕ СЕРДЦА',4,'images/n0L3YMKpxb5W3wM9fJFw7IzLLhmDf8cOclXRb4Ge.jpeg','https://www.youtube.com/embed/phJly7sHkuk?wmode=opaque&autohide=1&autoplay=1&rel=0',NULL,NULL,0,1,'2019-11-07 08:41:07','2019-11-08 09:44:31'),(100,'Modules\\Main\\Entities\\CCase',20,'ЯРКОЕ РЕШЕНИЕ',1,NULL,NULL,'<p>Создание рекламного сообщения, которое будет использоваться на&nbsp;протяжении нескольких лет, для формирования позитивного имиджа компании Mitsubishi Electric среди целевой аудитории, а&nbsp;также закрепление за&nbsp;компанией образа производителя технологичного, надежного и&nbsp;высококачественного оборудования.</p>','<p>Креаторы MOVIE отталкивались от того, что кондиционер &ndash; это сложная дорогостоящая система, способная кардинально изменить условия жизни человека, поэтому к его покупке относятся достаточно серьезно. Часто он приобретается, потому что происходит нечто важное: рождение ребенка, которому мы хотим обеспечить уют, или покупка новой квартиры, где хочется создать наиболее комфортную атмосферу.</p>\r\n\r\n<p>&nbsp;</p>\r\n\r\n<p>Так появилась идея представить кондиционер Mitsubishi Electric как спутника человека во время значимых перемен. Создать визуальный образ надежности, комфорта и спокойствия, которые может обеспечить продукция компании. К примеру, &nbsp;порода собак сиба-ину &ndash; национальный символ Японии &ndash;&nbsp;гармонично вписывается в концепт, формируя образную связь: &laquo;спутник человека &ndash; собака спутник человека &ndash; кондиционер&raquo;.</p>',0,1,'2022-01-12 06:06:22','2022-01-12 06:07:55'),(101,'Modules\\Main\\Entities\\CCase',20,'#ВЕТЕРДОБРЫХПЕРЕМЕН',4,'images/0tcpQDFlzLQuQ92jOjER9HOue4IYZwIPvuAokEaC.jpeg','https://www.youtube.com/embed/QNDgRrNvBgQ?wmode=opaque&autohide=1&autoplay=1&enablejsapi=1',NULL,NULL,0,1,'2022-01-12 06:09:31','2022-01-12 06:31:31'),(103,'Modules\\Main\\Entities\\CCase',20,'#ВЕТЕРДОБРЫХПЕРЕМЕН',4,'images/WuzHUNrvDhEeMy2vMp9A6Dr1lVkxN3EKlWWrn6cl.jpeg','https://www.youtube.com/embed/HUcOVgyUTjc?wmode=opaque&autohide=1&autoplay=1&enablejsapi=1',NULL,NULL,0,1,'2022-01-12 06:26:28','2022-01-12 06:32:30'),(109,'Modules\\Main\\Entities\\CCase',20,'ПОТРЯСАЮЩИЙ ОХВАТ',2,NULL,NULL,'<p>За два месяца рекламной кампании ролики про кондиционеры Mitsubishi Electric успели посмотреть более 30 млн раз!</p>',NULL,0,1,'2022-01-12 06:36:43','2022-01-12 06:37:04'),(110,'Modules\\Main\\Entities\\CCase',20,'#ВЕТЕРДОБРЫХПЕРЕМЕН',4,'images/3VkDvN8N4nABipY7pH75OzGsJGZfAd7CkHAGwpom.jpeg','https://www.youtube.com/embed/IRDYQxCRELM?wmode=opaque&autohide=1&autoplay=1&enablejsapi=1',NULL,NULL,0,1,'2022-01-12 06:40:45','2022-01-12 06:42:17'),(111,'Modules\\Main\\Entities\\CCase',20,'#ВЕТЕРДОБРЫХПЕРЕМЕН',4,'images/1bqMhLTUixANXyawlUTvkSCAWpDse2V12XFBwuYR.jpeg','https://www.youtube.com/embed/rQ8k-zMfnNY?wmode=opaque&autohide=1&autoplay=1&enablejsapi=1',NULL,NULL,0,1,'2022-01-12 06:41:24','2022-01-12 06:41:59'),(112,'Modules\\Main\\Entities\\CCase',20,'#ВЕТЕРДОБРЫХПЕРЕМЕН',4,'images/H1NyVJEhcY3YUZsE5oI5PkbKu3rGfXmJ8Clze6N9.jpeg','https://www.youtube.com/embed/6vTpvDkKdY4?wmode=opaque&autohide=1&autoplay=1&enablejsapi=1',NULL,NULL,0,1,'2022-01-12 06:42:32','2022-01-12 06:59:32'),(113,'Modules\\Main\\Entities\\CCase',20,'#ВЕТЕРДОБРЫХПЕРЕМЕН',4,'images/H7DfYkbyOxU0EztMzkixQ6pnAYuMKpecQXC8bI7m.jpeg','https://www.youtube.com/embed/Xeo23WDtVgo?wmode=opaque&autohide=1&autoplay=1&enablejsapi=1',NULL,NULL,0,1,'2022-01-12 06:42:59','2022-01-12 06:43:16'),(114,'Modules\\Main\\Entities\\CCase',21,'НОВАЯ СТРАТЕГИЯ КОММУНИКАЦИИ',1,NULL,NULL,'<p>Увеличение продаж бренда &laquo;Стильные Кухни&raquo; и знания о нем.</p>','<p>Бренд &laquo;Стильные Кухни&raquo; работает на рынке с 1996 года и хорошо известен. В 2017 году компания обновила логотип, сделав его более современным. Покупатели хорошо восприняли новый стиль, но преимущества и ценности бренда перед конкурентами были не совсем понятны. Текущая коммуникация не привлекала новую аудиторию. В 2019 году было принято решение о разработке новой стратегии коммуникации бренда.&nbsp;</p>\r\n\r\n<p>&nbsp;</p>\r\n\r\n<p>Эксперты MOVIE в первую очередь, выделили сегменты с хорошим потенциалом для роста знания бренда. Проведя исследование, они пришли к выводу, что кухня давно уже не является местом для приготовления и приема пищи. Она стала сердцем дома, где у людей происходят важные события, бушуют эмоции, решаются судьбы, где люди рассказывают истории или делятся впечатлениями. Таким образом, был определен характер бренда, тон коммуникации и основные бренд-keys, близкие нашей аудитории.</p>\r\n\r\n<p>&nbsp;</p>\r\n\r\n<p>&nbsp;</p>\r\n\r\n<hr />\r\n<p><span style=\"font-size:36px;\"><strong>Команда MOVIE разработала новую бренд-платформу и выстроила новое позиционирование. Кухни индивидуального пошива &ndash; для тех, кому важно проявить свою индивидуальность в пространстве дома.</strong></span></p>\r\n\r\n<hr />\r\n<p>&nbsp;</p>\r\n\r\n<p>&nbsp;</p>\r\n\r\n<p>Была разработана Big idea: &laquo;Готовь, Живи, Люби!&raquo;&nbsp;и масштабирована на различные каналы &ndash; серия роликов для ТВ и OLV, плакаты для наружной рекламы, креатив для материалов соцсетей и баннеров, спецпроекты в digital среде.&nbsp;</p>\r\n\r\n<p>&nbsp;</p>\r\n\r\n<p>В рамках медиапланирования использовался мультисегментный подход с пониманием различных групп целевой аудитории и нахождения потребителей на разных стадиях их пути к покупке.</p>',0,1,'2022-01-12 08:02:19','2022-01-12 08:05:35'),(115,'Modules\\Main\\Entities\\CCase',21,'#ГОТОВЬЖИВИЛЮБИ',4,'images/qHKfyVp96VuuQGy1ybSxxij6RksbSjH8cpvntMRa.jpeg','https://www.youtube.com/embed/yplF7bAjoHw?wmode=opaque&autohide=1&autoplay=1&enablejsapi=1',NULL,NULL,0,1,'2022-01-12 08:07:08','2022-01-12 08:14:36'),(116,'Modules\\Main\\Entities\\CCase',21,'ВЫДЕЛИТЬ БРЕНД СРЕДИ КОНКУРЕНТОВ',2,NULL,NULL,'<p>Повышение знания о бренде, лояльности покупателей.&nbsp;</p>\r\n\r\n<p>Выделение бренда среди конкурентов.</p>\r\n\r\n<p>Привлечение вовлеченной и заинтересованной аудитории на сайт &laquo;Стильные Кухни&raquo; за счет понятной коммуникации. Это отразилось на качестве траффика.&nbsp;</p>\r\n\r\n<p>Сокращение показателей отказов на <strong>53%</strong>.&nbsp;</p>\r\n\r\n<p>Увеличение времени на сайте на <strong>31%</strong>.</p>',NULL,0,1,'2022-01-12 08:15:14','2022-01-12 08:39:43'),(122,'Modules\\Main\\Entities\\CCase',21,'ПОВЫШЕНИЕ ЗНАНИЯ О БРЕНДЕ В ЦИФРАХ:',0,'images/cNuJl2IV1440I8jkJC7VGRe2o70n9lh95lGEns60.png',NULL,NULL,NULL,0,1,'2022-01-17 06:44:15','2022-01-17 06:44:15'),(123,'Modules\\Main\\Entities\\CCase',21,'схема текст',3,NULL,NULL,NULL,NULL,0,1,'2022-01-17 06:44:40','2022-01-17 06:44:40'),(124,'Modules\\Main\\Entities\\CCase',21,'#ГОТОВЬЖИВИЛЮБИ',4,'images/JaMrVIJxjG9vrh99Z9Of6vs6uzJaK1aIbmpqNpyt.jpeg','https://www.youtube.com/embed/aWIjHjtFPTs?wmode=opaque&autohide=1&autoplay=1&enablejsapi=1',NULL,NULL,0,1,'2022-01-17 06:52:36','2022-01-17 06:54:22'),(125,'Modules\\Main\\Entities\\CCase',21,'#ГОТОВЬЖИВИЛЮБИ',4,'images/C3PZsprHDyez60A62wroXF5liS25Gdk0C4ghe4YN.jpeg','https://www.youtube.com/embed/_DCGH2tZsyU?wmode=opaque&autohide=1&autoplay=1&enablejsapi=1',NULL,NULL,0,1,'2022-01-17 06:54:52','2022-01-17 06:55:12'),(128,'Modules\\Main\\Entities\\CCase',22,'Истинный лидер не боится признаться, что его восхищает',1,NULL,NULL,'<p font-size:=\"\" style=\"line-height: 1.4em; margin: 8px 0px 0px; caret-color: rgb(25, 25, 25); color: rgb(25, 25, 25); font-family: Roboto, \" trebuchet=\"\" white-space:=\"\"><span style=\"color:#FFFFFF;\">Услугами банка Тинькофф пользуются более 25 миллионов человек. Это событие стало отправной точкой для рекламной кампании.</span></p>\r\n\r\n<p font-size:=\"\" style=\"line-height: 1.4em; margin: 8px 0px 0px; caret-color: rgb(25, 25, 25); color: rgb(25, 25, 25); font-family: Roboto, \" trebuchet=\"\" white-space:=\"\"><span style=\"color:#FFFFFF;\">Наша задача была отразить в коммуникации экосистему Тинькофф, сделав логическую связку-продолжение с прошлым роликом &laquo;Страна и солнце&raquo;.</span></p>','<p><span style=\"color:#FFFFFF;\"><span font-size:=\"\" style=\"caret-color: rgb(25, 25, 25);\" trebuchet=\"\" white-space:=\"\">История строится вокруг разных персонажей. Мы решили сфокусироваться на самих людях, на их маленьких историях, показав, как незаметно в их жизнь встраиваются услуги банка. Истинный лидер не боится признаться, что его восхищает.</span></span></p>',0,1,'2022-10-27 08:51:28','2022-10-27 08:55:37'),(129,'Modules\\Main\\Entities\\CCase',22,'СТРАНА И СОЛНЦЕ ВОЗВРАЩАЕТСЯ',4,'images/yxLjfLxKFXmLxpE7Ek01ytedF9gr1CLurbDN63N2.png','https://www.youtube.com/embed/7BUVkn103Sg?wmode=opaque&autohide=1&autoplay=1&enablejsapi=1',NULL,NULL,0,1,'2022-10-27 08:56:07','2022-10-27 09:02:08');

--
-- Table structure for table `callbacks`
--

CREATE TABLE `callbacks` (
  `id` int(10) unsigned NOT NULL AUTO_INCREMENT,
  `fio` varchar(255) COLLATE utf8mb4_unicode_ci NOT NULL,
  `phone` varchar(255) COLLATE utf8mb4_unicode_ci NOT NULL,
  `created_at` timestamp NULL DEFAULT NULL,
  `updated_at` timestamp NULL DEFAULT NULL,
  `topic` text COLLATE utf8mb4_unicode_ci,
  PRIMARY KEY (`id`)
) ENGINE=InnoDB DEFAULT CHARSET=utf8mb4 COLLATE=utf8mb4_unicode_ci;

--
-- Dumping data for table `callbacks`
--


--
-- Table structure for table `campaigns`
--

CREATE TABLE `campaigns` (
  `id` int(10) unsigned NOT NULL AUTO_INCREMENT,
  `title` varchar(191) COLLATE utf8mb4_unicode_ci NOT NULL,
  `subject` varchar(191) COLLATE utf8mb4_unicode_ci NOT NULL,
  `content` text COLLATE utf8mb4_unicode_ci,
  `act` tinyint(3) unsigned NOT NULL DEFAULT '1',
  `deleted_at` timestamp NULL DEFAULT NULL,
  `created_at` timestamp NULL DEFAULT NULL,
  `updated_at` timestamp NULL DEFAULT NULL,
  PRIMARY KEY (`id`)
) ENGINE=InnoDB DEFAULT CHARSET=utf8mb4 COLLATE=utf8mb4_unicode_ci;

--
-- Dumping data for table `campaigns`
--


--
-- Table structure for table `case_tag`
--

CREATE TABLE `case_tag` (
  `case_id` int(10) unsigned NOT NULL,
  `tag_id` int(10) unsigned NOT NULL,
  UNIQUE KEY `case_tag_case_id_tag_id_unique` (`case_id`,`tag_id`),
  KEY `case_tag_tag_id_foreign` (`tag_id`),
  CONSTRAINT `case_tag_case_id_foreign` FOREIGN KEY (`case_id`) REFERENCES `cases` (`id`) ON DELETE CASCADE,
  CONSTRAINT `case_tag_tag_id_foreign` FOREIGN KEY (`tag_id`) REFERENCES `tags` (`id`) ON DELETE CASCADE
) ENGINE=InnoDB DEFAULT CHARSET=utf8mb4 COLLATE=utf8mb4_unicode_ci;

--
-- Dumping data for table `case_tag`
--

INSERT INTO `case_tag` VALUES (1,1),(2,1),(4,1),(7,1),(8,1),(10,1),(11,1),(12,1),(14,1),(16,1),(17,1),(20,1),(21,1),(2,3),(4,3),(6,3),(7,3),(8,3),(9,3),(10,3),(11,3),(14,3),(16,3),(17,3),(18,3),(20,3),(21,3),(22,3),(1,4),(2,4),(6,4),(11,4),(15,4),(17,4),(20,4),(1,5),(2,5),(4,5),(6,5),(9,5),(15,5),(18,5),(21,5),(20,6),(21,7);

--
-- Table structure for table `cases`
--

CREATE TABLE `cases` (
  `id` int(10) unsigned NOT NULL AUTO_INCREMENT,
  `title` varchar(191) COLLATE utf8mb4_unicode_ci NOT NULL,
  `slug` varchar(191) COLLATE utf8mb4_unicode_ci NOT NULL,
  `image` varchar(191) COLLATE utf8mb4_unicode_ci DEFAULT NULL,
  `sticker` varchar(191) COLLATE utf8mb4_unicode_ci DEFAULT NULL,
  `brand` varchar(191) COLLATE utf8mb4_unicode_ci DEFAULT NULL,
  `case` varchar(191) COLLATE utf8mb4_unicode_ci DEFAULT NULL,
  `agency` varchar(191) COLLATE utf8mb4_unicode_ci DEFAULT NULL,
  `video` varchar(191) COLLATE utf8mb4_unicode_ci DEFAULT NULL,
  `anons` mediumtext COLLATE utf8mb4_unicode_ci,
  `content` text COLLATE utf8mb4_unicode_ci,
  `on_main` tinyint(3) unsigned NOT NULL DEFAULT '0',
  `pos` tinyint(3) unsigned NOT NULL DEFAULT '0',
  `luminance` tinyint(3) unsigned NOT NULL DEFAULT '0',
  `act` tinyint(3) unsigned NOT NULL DEFAULT '1',
  `created_at` timestamp NULL DEFAULT NULL,
  `updated_at` timestamp NULL DEFAULT NULL,
  PRIMARY KEY (`id`),
  UNIQUE KEY `cases_slug_unique` (`slug`)
) ENGINE=InnoDB AUTO_INCREMENT=24 DEFAULT CHARSET=utf8mb4 COLLATE=utf8mb4_unicode_ci;

--
-- Dumping data for table `cases`
--

INSERT INTO `cases` VALUES (1,'VALTERA','valtera','images/66pTTjBnnhSLmFYzh71IAhOwLKmSv0uji82PgVTo.jpeg',NULL,'VALTERA',NULL,NULL,'https://www.youtube.com/watch?v=phJly7sHkuk&t=4s','<p>Интеграция в топовый тв проект, резонансный финалу и широкий органический PR охват</p>\r\n\r\n<p>&nbsp;</p>',NULL,0,17,1,1,'2019-08-14 10:27:08','2022-12-28 09:31:01'),(2,'MIELE','miele','images/22mrLzjxqb3NZunQJDFSqx33KZhK7mTwDgYKEUKi.jpeg','cup','MIELE','IGNITION',NULL,NULL,'<p>Комплексный проект 360, с акцентом на контент-маркетинг.</p>',NULL,0,16,0,1,'2019-08-14 10:28:47','2022-12-28 09:30:51'),(4,'MITSUBISHI ELECTRIC','mitsubishielectric','images/JtkjhdJavkzJj7gHlNqRAJSNmvR7ciE9U8m7zXxi.jpeg',NULL,'MITSUBISHI ELECTRIC',NULL,NULL,NULL,'<p>Mitsubishi Electric &ndash;&nbsp;самый быстрорастущий бренд в категории &quot;кондиционеры&quot;</p>',NULL,1,4,1,1,'2019-08-15 03:01:01','2022-12-26 08:15:06'),(6,'MERZ','cgmoviemerz','images/3weT8hgbhpzSuJ6R9Nq1Ccux0Ue6c8hbWXE6gMXA.jpeg',NULL,'MERZ',NULL,NULL,NULL,'<p>Продвижение всероссийской&nbsp;программы&nbsp;профилактики и лечения деменции.</p>',NULL,1,9,1,1,'2019-09-09 08:59:12','2022-12-28 09:27:58'),(7,'BERNLEY','bernley','images/MqvnoF6Rovd1rRkIqNtOgqHErGO6wmz5LH88eSvC.jpeg',NULL,'BERNLEY',NULL,NULL,'https://rutube.ru/video/d8b1668ab9a7a75402df148843d8f1bf/?r=wd','<p>Мы реализовали первый в России треквертайзинг кейс, а затем сделали чай гером сериала на федеральном ТВ</p>\r\n\r\n<p>&nbsp;</p>',NULL,1,5,0,1,'2019-09-16 05:48:02','2025-09-16 06:09:43'),(8,'РОСНЕФТЬ','cgmovierosneft','images/jJFqPIQvA49oHArQPZlPICsxNFQMxJt9a0ZMkmXZ.jpeg',NULL,'РОСНЕФТЬ',NULL,NULL,'https://www.youtube.com/watch?v=KXzJIk3zNqQ','<p>Создание яркой имиджевой коммуникации для государственной корпорации</p>',NULL,1,6,0,1,'2019-09-17 04:59:51','2022-12-28 09:28:39'),(9,'NESTLE','cgmovienestle','images/UpUtNnQQqSXAKrIKHUBMEsWFJjiEACp2wyNQLoGV.jpeg',NULL,'NESTLE',NULL,NULL,'https://www.youtube.com/watch?v=HTgKJpBAov4','<p>Формируем культуру питания детей в игровой форме</p>',NULL,0,18,0,1,'2019-09-17 06:52:54','2022-12-28 09:31:19'),(10,'ОБЪЕДИНЕННЫЕ КОНДИТЕРЫ','khochu-konfet11','images/j4KeS87KijZf9HUAwhDgUNbhVvJNJSjoVxjdolbm.jpeg',NULL,'ОБЪЕДИНЕННЫЕ КОНДИТЕРЫ',NULL,NULL,'https://www.youtube.com/watch?v=Yijq7zLNU0I','<p>Истории о наших самых потаенных секретах - о том, как мы на самом деле едим конфеты.</p>',NULL,1,7,0,1,'2019-09-18 09:32:17','2022-12-28 09:28:27'),(11,'MERZ','abhmerz1','images/KOUEaHKwxsWANq3nJsw4tvUwuDBs3tRnbdZRVzVZ.jpeg',NULL,'MERZ',NULL,NULL,'https://www.youtube.com/watch?v=JIgKzVw0zRk&feature=youtu.be','<p>Что у бабушки обыкновенной в голове?</p>',NULL,0,10,0,0,'2019-09-18 10:06:38','2022-12-28 09:31:32'),(12,'САВУШКИН ПРОДУКТ','my-prodolzhaem-doit','images/dmop2zcVZj43jdIzI08FuYQaJ9h5ANheQp3BP60E.jpeg',NULL,'САВУШКИН ПРОДУКТ',NULL,NULL,'https://www.youtube.com/watch?v=u36xntRO9Pc','<p>Один день из жизни коровы и дояра</p>',NULL,0,11,0,1,'2019-09-19 04:38:08','2022-12-28 09:33:21'),(14,'СБЕРБАНК','novyy-god','images/YPY3z5bxthyPR1f4R9opCbvg4nJHrb7xOS5OxXMT.jpeg',NULL,'СБЕРБАНК',NULL,NULL,'https://www.youtube.com/embed/Sqpis18SgXw?wmode=opaque&autohide=1&autoplay=1&enablejsapi=1','<p>Трогательная история о том, что Дед Мороз приходит не только к детям.</p>',NULL,0,15,0,1,'2019-09-19 04:56:38','2023-02-07 07:21:56'),(15,'KREWEL MEUSELBACH','shkola-zdorovya','images/dpkG0B8iTPSKCRYQvZqfKD8XJ6WB4GOflYyeCyob.jpeg',NULL,'KREWEL MEUSELBACH',NULL,NULL,NULL,'<p>Комплексный контент проект для крупной фарм.компании</p>',NULL,0,13,0,1,'2019-09-19 05:15:09','2022-12-28 09:32:28'),(16,'KARI','cgmoviekari','images/H9pGo1pe6ODeTySIYfrU3pWLp4uIpXwSQP2JEHTM.jpeg',NULL,'KARI',NULL,NULL,NULL,'<p>Больше не нужно выбирать между тем &quot;что надо&quot; и &quot;что хочется&quot;!</p>',NULL,0,12,0,1,'2019-09-19 05:36:30','2022-12-28 09:32:46'),(17,'CORDIANT','imperiya-cordiant','images/5zR9rT3cNWXvACT6WXaEHUVfP0a2JLBxiqflImSX.jpeg',NULL,'CORDIANT',NULL,NULL,'https://www.youtube.com/watch?v=MAL8TKheKuk&t=7s','<p>Комплексное обслуживание бренда с 2005 года</p>',NULL,1,8,0,1,'2019-09-19 06:19:06','2022-12-28 09:28:11'),(18,'СТАРОСТЬ В РАДОСТЬ','vnuk-moroz','images/66fegyBvXy3fbgDVBhbWHVNKOuhqvhoIfFPKUNQR.jpeg',NULL,'СТАРОСТЬ В РАДОСТЬ',NULL,NULL,NULL,'<p>Как, среди новогодней суеты и информационного шума, привлечь внимание&nbsp;к сбору подарков в дома&nbsp;престарелых?</p>',NULL,0,14,1,1,'2019-10-09 06:54:48','2022-12-28 09:31:09'),(20,'MITSUBISHI ELECTRIC','veter-dobrykh-peremen','images/FU0lxjRS2uhnElaaArJndem8x1MsbJSiLYZf92WQ.jpeg',NULL,'MITSUBISHI ELECTRIC',NULL,NULL,'https://youtu.be/-UkzW4YzBkU','<p border:=\"\" class=\"a\" color:=\"\" helvetica=\"\" style=\"margin: 0cm; line-height: normal;\">В 2019 году было принято решение о разработке новой стратегии коммуникации бренда. В рамках этой задачи были запущены шесть рекламных видеороликов, в них показаны разные истории, объединенные лозунгом &laquo;Ветер добрых перемен&raquo;. Один из крайних снят в 2021 году.</p>',NULL,1,3,0,1,'2022-01-12 05:34:40','2022-12-28 09:29:05'),(21,'Стильные кухни','gotov-zhivi-lyubi','images/J57iEniKNc8jrO6OfaFPK4LbotLNFEEq47gXFB3a.jpeg',NULL,'Стильные кухни',NULL,NULL,NULL,'<p>В 2019 году было принято решение о разработке новой коммуникационной стратегии бренда</p>',NULL,1,2,0,1,'2022-01-12 07:57:09','2022-12-26 07:53:29'),(22,'TINKOFF','strana-i-solntse-vozvrashchaetsya','images/K3MjNxdawE0iGrvLLl2hlxjHytGFMt7pijVl1nAz.jpeg',NULL,'TINKOFF',NULL,NULL,'https://www.youtube.com/embed/7BUVkn103Sg?wmode=opaque&autohide=1&autoplay=1&enablejsapi=1',NULL,NULL,1,1,0,1,'2022-10-27 08:45:28','2022-12-26 07:53:39'),(23,'TECHWEEK','techweek','images/cn3T106fdLQqxBD0dPYGoaAadFZBY1RdUFDY7kEw.jpeg',NULL,NULL,NULL,NULL,NULL,'<p>Свяжись с нами, выбери услугу из спискаи получи 50 000 бонусов</p>\r\n\r\n<p><a href=\"http://blog.movie-group.ru/\">Подробнее</a></p>',NULL,0,0,0,0,'2023-11-28 07:00:22','2024-03-18 08:15:13');

--
-- Table structure for table `clients`
--

CREATE TABLE `clients` (
  `id` int(10) unsigned NOT NULL AUTO_INCREMENT,
  `title` varchar(255) COLLATE utf8mb4_unicode_ci NOT NULL,
  `image` varchar(191) COLLATE utf8mb4_unicode_ci DEFAULT NULL,
  `link` varchar(191) COLLATE utf8mb4_unicode_ci DEFAULT NULL,
  `case_id` int(10) unsigned DEFAULT NULL,
  `pos` tinyint(3) unsigned NOT NULL DEFAULT '0',
  `act` tinyint(3) unsigned NOT NULL DEFAULT '1',
  PRIMARY KEY (`id`),
  KEY `clients_case_id_foreign` (`case_id`),
  CONSTRAINT `clients_case_id_foreign` FOREIGN KEY (`case_id`) REFERENCES `cases` (`id`) ON DELETE CASCADE
) ENGINE=InnoDB AUTO_INCREMENT=19 DEFAULT CHARSET=utf8mb4 COLLATE=utf8mb4_unicode_ci;

--
-- Dumping data for table `clients`
--

INSERT INTO `clients` VALUES (1,'MITSUBISHI ELECTRIC','images/fnce3ANjCQmOKdGnQ0TKQ7obufgXspPaJqiCGN9c.png',NULL,4,1,1),(2,'СБЕРБАНК','images/nierw4wMm9ph8cCu2jquSCV6q2Ei7cpTHL5NKAMF.png',NULL,14,2,1),(3,'MIELE','images/Xm6gXkaM8veTTXV8diWLTsoHQFIKO9eLYm1YSSgb.png',NULL,2,3,1),(4,'KIA','images/gCKH1n6gQZdU95lsaHxtbnBznYUkpIS9RN4yqDDO.png',NULL,NULL,4,0),(5,'HEINZ','images/ITl5C35gfxficvMG5QYP9ZHBF6UJoUjVjKvijcoP.png',NULL,NULL,6,0),(6,'РОСНЕФТЬ','images/I1iy9Fs8Cg5i5Yhmm2DWmuU2IBoDFkkZYnMlyILD.png',NULL,8,7,1),(7,'CORDIANT','images/iY4sw6KHFzqPUztlDUEIngKeKw9KrIFhVS2XRsXk.png',NULL,17,5,1),(8,'MERZ','images/xYgh6Ad7wnwc88R2O3lGGpDRIeZhfgD8bvBZ6ExX.png',NULL,6,8,1),(9,'САВУШКИН','images/1XwOlrLLm49LjDz6qIfbWORKYZ1L9ScnnRCNx1c9.png',NULL,12,10,1),(10,'BERNLEY','images/QwyzeW7nFkToQg17WvAsEqe9UX5PdcrvbuJprUl6.png',NULL,7,9,1),(11,'KREWEL MEUSELBACH','images/pmgdIHbjtkWjy8hUv5OPjMSoNlbtsVkXcfYDs0vO.png',NULL,15,11,1),(12,'FAMILIA','images/LLb9O9Dh3PhnGM7iOnCAnhjISAwTQID8KDahovD8.png',NULL,NULL,12,0),(13,'VALTERA','images/ukYRV1REmeA96uGVwkckFMltUoFDYjKfut84uYBT.png',NULL,1,13,1),(14,'NESTLE','images/hErxWNuCJoxvpbtFGCoXO1QwehaMPI7kmgnEFEFr.png',NULL,9,14,1),(15,'KARI','images/Eu8z9GNCpNG58rdBsK0CiEjJ6h2k72YDa47yoD9k.png',NULL,16,15,1),(16,'UPECO','images/WZEk8nr7AS4FKq1nkEsvtmGdHZz6F5JOHlU0wIb8.png',NULL,NULL,16,0),(17,'СТИЛЬНЫЕ КУХНИ','images/x0vBwF2vivj72hFhqdSj6M33p2rE3VOq1V5GdZa7.png',NULL,21,17,1),(18,'ОБЪЕДИНЕННЫЕ КОНДИТЕРЫ',NULL,NULL,10,18,1);

--
-- Table structure for table `contacts`
--

CREATE TABLE `contacts` (
  `id` int(10) unsigned NOT NULL AUTO_INCREMENT,
  `name` varchar(191) COLLATE utf8mb4_unicode_ci NOT NULL,
  `value` text COLLATE utf8mb4_unicode_ci,
  PRIMARY KEY (`id`),
  UNIQUE KEY `contacts_name_unique` (`name`)
) ENGINE=InnoDB AUTO_INCREMENT=13 DEFAULT CHARSET=utf8mb4 COLLATE=utf8mb4_unicode_ci;

--
-- Dumping data for table `contacts`
--

INSERT INTO `contacts` VALUES (1,'seo',NULL),(2,'address','123022, Москва, 2-я Звенигородская ул, д. 13, стр. 15, подьезд 2, офис 12, БЦ \"Краснопресненский\"\r\n\r\nАдрес для отправки корреспонденции почтой: 123308, Москва, ООО \"МУВИ 360\". а/я 111'),(3,'phone1','+7 (495) 127 7224'),(4,'phone2',NULL),(5,'email_tender','welcome@movie360.ru'),(6,'email_common','Info@movie360.ru'),(7,'email_hr','hr@movie360.ru'),(8,'email_pr','pr@movie360.ru'),(9,'route','<dl>\r\n    <dt>Метро «улица 1905 года»</dt>\r\n    </dd>\r\n</dl>'),(10,'seo_title','Контакты'),(11,'seo_keywords',NULL),(12,'seo_description',NULL);

--
-- Table structure for table `expertise`
--

CREATE TABLE `expertise` (
  `id` int(10) unsigned NOT NULL AUTO_INCREMENT,
  `name` varchar(191) COLLATE utf8mb4_unicode_ci NOT NULL,
  `value` text COLLATE utf8mb4_unicode_ci,
  PRIMARY KEY (`id`),
  UNIQUE KEY `expertise_name_unique` (`name`)
) ENGINE=InnoDB AUTO_INCREMENT=12 DEFAULT CHARSET=utf8mb4 COLLATE=utf8mb4_unicode_ci;

--
-- Dumping data for table `expertise`
--

INSERT INTO `expertise` VALUES (1,'seo_title','Экспертизы'),(2,'seo_description',NULL),(3,'seo_keywords',NULL),(4,'header_n1','Аналитика \r\nи стратегическое \r\nпланирование'),(5,'text_n1','Анализ рынков и трендов \r\nМедиа и коммуникационные аудиты\r\nПостроение воронок продаж\r\nСтратегии: 360, коммуникационные, digital и медиа'),(6,'header_n2','Креатив и \r\nкоммуникации'),(7,'text_n2','Концептинг\r\nСценарии для ТВ и OLV\r\nАйдентинка\r\nНестандартные проекты'),(8,'header_n3','МЕДИА'),(9,'text_n3','Многоуровневое медиапланирование\r\nИнтеллектуальный медиабаинг\r\nМедиаресеч'),(10,'header_n4','DIGITAL'),(11,'text_n4','Performance маркетинг\r\nDigital PR\r\nКонтент маркетинг, special projects\r\nSocial media\r\nстратегия, контент и продвижение\r\nDigital promo');

--
-- Table structure for table `group_module`
--

CREATE TABLE `group_module` (
  `module_id` int(10) unsigned DEFAULT NULL,
  `group_id` int(10) unsigned DEFAULT NULL,
  KEY `group_module_module_id_foreign` (`module_id`),
  KEY `group_module_group_id_foreign` (`group_id`),
  CONSTRAINT `group_module_group_id_foreign` FOREIGN KEY (`group_id`) REFERENCES `groups` (`id`) ON DELETE CASCADE,
  CONSTRAINT `group_module_module_id_foreign` FOREIGN KEY (`module_id`) REFERENCES `modules` (`id`) ON DELETE CASCADE
) ENGINE=InnoDB DEFAULT CHARSET=utf8mb4 COLLATE=utf8mb4_unicode_ci;

--
-- Dumping data for table `group_module`
--


--
-- Table structure for table `group_user`
--

CREATE TABLE `group_user` (
  `group_id` int(10) unsigned DEFAULT NULL,
  `user_id` int(10) unsigned DEFAULT NULL,
  KEY `group_user_group_id_foreign` (`group_id`),
  KEY `group_user_user_id_foreign` (`user_id`),
  CONSTRAINT `group_user_group_id_foreign` FOREIGN KEY (`group_id`) REFERENCES `groups` (`id`) ON DELETE CASCADE,
  CONSTRAINT `group_user_user_id_foreign` FOREIGN KEY (`user_id`) REFERENCES `users` (`id`) ON DELETE CASCADE
) ENGINE=InnoDB DEFAULT CHARSET=utf8mb4 COLLATE=utf8mb4_unicode_ci;

--
-- Dumping data for table `group_user`
--


--
-- Table structure for table `groups`
--

CREATE TABLE `groups` (
  `id` int(10) unsigned NOT NULL AUTO_INCREMENT,
  `title` varchar(255) COLLATE utf8mb4_unicode_ci NOT NULL,
  `text` text COLLATE utf8mb4_unicode_ci,
  PRIMARY KEY (`id`)
) ENGINE=InnoDB DEFAULT CHARSET=utf8mb4 COLLATE=utf8mb4_unicode_ci;

--
-- Dumping data for table `groups`
--


--
-- Table structure for table `main`
--

CREATE TABLE `main` (
  `id` int(10) unsigned NOT NULL AUTO_INCREMENT,
  `name` varchar(191) COLLATE utf8mb4_unicode_ci NOT NULL,
  `value` text COLLATE utf8mb4_unicode_ci,
  PRIMARY KEY (`id`),
  UNIQUE KEY `main_name_unique` (`name`)
) ENGINE=InnoDB AUTO_INCREMENT=4 DEFAULT CHARSET=utf8mb4 COLLATE=utf8mb4_unicode_ci;

--
-- Dumping data for table `main`
--

INSERT INTO `main` VALUES (1,'seo_title','Главная страница'),(2,'seo_keywords',NULL),(3,'seo_description',NULL);

--
-- Table structure for table `migrations`
--

CREATE TABLE `migrations` (
  `id` int(10) unsigned NOT NULL AUTO_INCREMENT,
  `migration` varchar(255) COLLATE utf8mb4_unicode_ci NOT NULL,
  `batch` int(11) NOT NULL,
  PRIMARY KEY (`id`)
) ENGINE=InnoDB AUTO_INCREMENT=27 DEFAULT CHARSET=utf8mb4 COLLATE=utf8mb4_unicode_ci;

--
-- Dumping data for table `migrations`
--

INSERT INTO `migrations` VALUES (2,'2017_08_21_091817_create_modules_table',1),(4,'2014_10_12_000000_create_users_table',2),(5,'2017_09_06_114415_module_user_relations_table',2),(6,'2017_12_07_101350_add_notify_core_user',2),(7,'2017_12_11_100209_create_groups_table',2),(8,'2014_10_12_100000_create_password_resets_table',3),(9,'2017_08_31_202553_create_settings_table',3),(10,'2017_11_30_122943_create_callbacks_table',3),(11,'2017_12_07_083602_create_notifications_table',3),(12,'2018_03_15_162835_create_notification_types_table',3),(13,'2018_10_27_100627_add_topic_field_to_callback',3),(14,'2019_02_22_050058_create_about_table',3),(15,'2019_02_22_050058_create_contacts_table',3),(16,'2019_03_13_121434_add_main_table',3),(17,'2019_06_16_193120_create_campaigns_table',3),(18,'2019_07_22_050058_create_expertise_table',4),(19,'2019_08_14_091550_create_cases_table',5),(20,'2019_08_14_091609_create_tags_table',5),(22,'2019_08_14_091755_create_block_images_table',5),(23,'2019_08_14_091846_create_case_tag_table',5),(24,'2019_08_14_091736_create_blocks_table',6),(25,'2019_08_15_091560_create_articles_table',7),(26,'2019_08_14_091609_create_clients_table',8);

--
-- Table structure for table `module_user`
--

CREATE TABLE `module_user` (
  `module_id` int(10) unsigned DEFAULT NULL,
  `user_id` int(10) unsigned DEFAULT NULL,
  KEY `module_user_module_id_foreign` (`module_id`),
  KEY `module_user_user_id_foreign` (`user_id`),
  CONSTRAINT `module_user_module_id_foreign` FOREIGN KEY (`module_id`) REFERENCES `modules` (`id`) ON DELETE CASCADE,
  CONSTRAINT `module_user_user_id_foreign` FOREIGN KEY (`user_id`) REFERENCES `users` (`id`) ON DELETE CASCADE
) ENGINE=InnoDB DEFAULT CHARSET=utf8mb4 COLLATE=utf8mb4_unicode_ci;

--
-- Dumping data for table `module_user`
--

INSERT INTO `module_user` VALUES (1,2),(2,2),(3,2),(4,2),(5,2),(6,2),(7,2),(8,2),(9,2),(10,2),(11,2),(12,2),(13,2);

--
-- Table structure for table `modules`
--

CREATE TABLE `modules` (
  `id` int(10) unsigned NOT NULL AUTO_INCREMENT,
  `name` varchar(191) COLLATE utf8mb4_unicode_ci NOT NULL,
  `parent` varchar(191) COLLATE utf8mb4_unicode_ci DEFAULT NULL,
  `section` varchar(191) COLLATE utf8mb4_unicode_ci NOT NULL,
  `title` varchar(191) COLLATE utf8mb4_unicode_ci NOT NULL,
  `description` mediumtext COLLATE utf8mb4_unicode_ci,
  `hidden` tinyint(4) DEFAULT '0',
  `pos` smallint(6) NOT NULL DEFAULT '0',
  `created_at` timestamp NULL DEFAULT NULL,
  `updated_at` timestamp NULL DEFAULT NULL,
  PRIMARY KEY (`id`),
  UNIQUE KEY `modules_name_unique` (`name`)
) ENGINE=InnoDB AUTO_INCREMENT=14 DEFAULT CHARSET=utf8mb4 COLLATE=utf8mb4_unicode_ci;

--
-- Dumping data for table `modules`
--

INSERT INTO `modules` VALUES (1,'users',NULL,'accesses','Аккаунты',NULL,0,10,NULL,NULL),(2,'modules',NULL,'accesses','Модули',NULL,0,10,NULL,NULL),(3,'groups',NULL,'accesses','Группы доступа',NULL,0,10,NULL,NULL),(4,'settings',NULL,'tools','Настройки',NULL,0,10,NULL,NULL),(5,'about',NULL,'modules','О компании',NULL,0,0,NULL,NULL),(6,'contacts',NULL,'modules','Контакты',NULL,0,0,NULL,NULL),(7,'main',NULL,'modules','Главная',NULL,0,0,NULL,NULL),(8,'expertise',NULL,'modules','Экспертизы',NULL,0,0,NULL,NULL),(9,'group_ccases',NULL,'modules','Кейсы',NULL,0,0,NULL,NULL),(10,'ccases','ccases','modules','Кейсы',NULL,0,0,NULL,'2023-08-22 06:58:50'),(11,'tags','ccases','modules','Теги',NULL,0,0,NULL,NULL),(12,'articles','','modules','Новости',NULL,0,0,NULL,NULL),(13,'clients','','modules','Клиенты',NULL,0,0,NULL,NULL);

--
-- Table structure for table `notification_type_user`
--

CREATE TABLE `notification_type_user` (
  `notification_type_id` int(10) unsigned DEFAULT NULL,
  `user_id` int(10) unsigned DEFAULT NULL,
  KEY `notification_type_user_notification_type_id_foreign` (`notification_type_id`),
  KEY `notification_type_user_user_id_foreign` (`user_id`),
  CONSTRAINT `notification_type_user_notification_type_id_foreign` FOREIGN KEY (`notification_type_id`) REFERENCES `notification_types` (`id`) ON DELETE CASCADE,
  CONSTRAINT `notification_type_user_user_id_foreign` FOREIGN KEY (`user_id`) REFERENCES `users` (`id`) ON DELETE CASCADE
) ENGINE=InnoDB DEFAULT CHARSET=utf8mb4 COLLATE=utf8mb4_unicode_ci;

--
-- Dumping data for table `notification_type_user`
--


--
-- Table structure for table `notification_types`
--

CREATE TABLE `notification_types` (
  `id` int(10) unsigned NOT NULL AUTO_INCREMENT,
  `name` varchar(255) COLLATE utf8mb4_unicode_ci NOT NULL,
  `type` varchar(255) COLLATE utf8mb4_unicode_ci NOT NULL,
  PRIMARY KEY (`id`)
) ENGINE=InnoDB DEFAULT CHARSET=utf8mb4 COLLATE=utf8mb4_unicode_ci;

--
-- Dumping data for table `notification_types`
--


--
-- Table structure for table `notifications`
--

CREATE TABLE `notifications` (
  `id` char(36) COLLATE utf8mb4_unicode_ci NOT NULL,
  `type` varchar(255) COLLATE utf8mb4_unicode_ci NOT NULL,
  `notifiable_type` varchar(255) COLLATE utf8mb4_unicode_ci NOT NULL,
  `notifiable_id` bigint(20) unsigned NOT NULL,
  `data` text COLLATE utf8mb4_unicode_ci NOT NULL,
  `read_at` timestamp NULL DEFAULT NULL,
  `created_at` timestamp NULL DEFAULT NULL,
  `updated_at` timestamp NULL DEFAULT NULL,
  PRIMARY KEY (`id`),
  KEY `notifications_notifiable_type_notifiable_id_index` (`notifiable_type`(191),`notifiable_id`)
) ENGINE=InnoDB DEFAULT CHARSET=utf8mb4 COLLATE=utf8mb4_unicode_ci;

--
-- Dumping data for table `notifications`
--


--
-- Table structure for table `settings`
--

CREATE TABLE `settings` (
  `id` int(10) unsigned NOT NULL AUTO_INCREMENT,
  `name` varchar(191) COLLATE utf8mb4_unicode_ci NOT NULL,
  `value` text COLLATE utf8mb4_unicode_ci,
  PRIMARY KEY (`id`),
  UNIQUE KEY `settings_name_unique` (`name`)
) ENGINE=InnoDB AUTO_INCREMENT=26 DEFAULT CHARSET=utf8mb4 COLLATE=utf8mb4_unicode_ci;

--
-- Dumping data for table `settings`
--

INSERT INTO `settings` VALUES (1,'phone',NULL),(2,'company',NULL),(3,'copy',NULL),(4,'counters',NULL),(5,'fb','https://www.facebook.com/cgmovie/'),(6,'vk','https://vk.com/groups'),(7,'ok',NULL),(8,'tw','http://twitter.com/'),(9,'tg',NULL),(10,'whatsapp',NULL),(11,'viber',NULL),(12,'instagram','https://www.instagram.com/movie_communication_group/'),(13,'seo_title',NULL),(14,'seo_description',NULL),(15,'seo_keywords',NULL),(16,'contacts',NULL),(17,'email',NULL),(18,'email_bottom',NULL),(19,'email_order',NULL),(20,'policy',NULL),(21,'brief','files/YTx5qbCZL70LltExBOUIBpxfk89lJRG14ZvPt2v4.xlsx'),(22,'youtube','https://www.youtube.com/channel/UCng_jFvloTT9v7JlSwi_qSQ/videos'),(23,'menu_video','files/fhmGiJGnxpI6sVxE9k9pnEf4eN4ZozJQXGhVKyu1.mp4'),(24,'blog_link','http://blog.movie-group.ru'),(25,'coordinates','55.762809, 37.553864');

--
-- Table structure for table `tags`
--

CREATE TABLE `tags` (
  `id` int(10) unsigned NOT NULL AUTO_INCREMENT,
  `title` varchar(255) COLLATE utf8mb4_unicode_ci NOT NULL,
  PRIMARY KEY (`id`)
) ENGINE=InnoDB AUTO_INCREMENT=8 DEFAULT CHARSET=utf8mb4 COLLATE=utf8mb4_unicode_ci;

--
-- Dumping data for table `tags`
--

INSERT INTO `tags` VALUES (1,'Media'),(2,'Brand'),(3,'Creative'),(4,'PR'),(5,'DIGITAL'),(6,'TV'),(7,'STRATEGY');

--
-- Dumping events for database 'db_movie_newtest'
--

--
-- Dumping routines for database 'db_movie_newtest'
--


